{"id":12050,"date":"2020-10-30T11:10:25","date_gmt":"2020-10-30T14:10:25","guid":{"rendered":"https:\/\/www.dommodesto.com.br\/?post_type=product&#038;p=12050"},"modified":"2021-07-27T10:33:01","modified_gmt":"2021-07-27T13:33:01","slug":"critica-hermeneutica-do-direito-as-sementes-de-hoje-e-os-frutos-do-amanha-uma-homenagem-ao-professor-lenio-luiz-streck","status":"publish","type":"product","link":"https:\/\/www.dommodesto.com.br\/en\/product\/critica-hermeneutica-do-direito-as-sementes-de-hoje-e-os-frutos-do-amanha-uma-homenagem-ao-professor-lenio-luiz-streck\/","title":{"rendered":"Cr\u00edtica Hermen\u00eautica do Direito: as sementes de hoje e os frutos do amanh\u00e3 \u2013 uma homenagem ao professor Lenio Luiz Streck (Vers\u00e3o Digital)"},"content":{"rendered":"<p>A <em>Cr\u00edtica Hermen\u00eautica do Direito<\/em>, de Lenio Streck, matriz te\u00f3rica articulada <em>no Brasil, para o Brasil<\/em>, por um jurista <em>brasileiro <\/em>\u00e9, bem&#8230; hermen\u00eautica; e \u00e9 pr\u00f3prio da hermen\u00eautica n\u00e3o perder de vista o tempo e a facticidade. Nosso tempo, nossa facticidade. A teoria do direito elaborada por Streck dispensa qualquer pretens\u00e3o ut\u00f3pica de uma justi\u00e7a metaf\u00edsica; dispensa igualmente a inexistente neutralidade que serve de bandeira \u00e0queles que desoneram as pr\u00f3prias teorias de qualquer pretens\u00e3o (ou <em>responsabilidade<\/em>) normativa. Streck, afinal, n\u00e3o lida com abstra\u00e7\u00f5es, te\u00f3ricas ou metaf\u00edsicas. Streck quer compreender o fen\u00f4meno a que chamamos <em>direito <\/em>e, com isso, construir respostas poss\u00edveis aos problemas de nossa pr\u00e1tica jur\u00eddica, que \u00e9, afinal, a materializa\u00e7\u00e3o do fen\u00f4meno em nossas vidas cotidianas.<\/p>\n<p>Essa \u00e9 a import\u00e2ncia da obra de Streck. E essa \u00e9 a import\u00e2ncia de uma obra como esta. Muito mais poderia ser dito sobre a teoria do Professor Lenio, mas j\u00e1 \u00e9 hora de deixar que os autores deste livro digam aquilo que t\u00eam a dizer.<\/p>","protected":false},"excerpt":{"rendered":"<p>Angela Dias Mendes<\/p>\n<p><strong>Vers\u00e3o impressa &#8211; <a href=\"https:\/\/www.amazon.com.br\/dp\/6586537142?ref=myi_title_dp\" target=\"_blank\" rel=\"noopener noreferrer\">Clique aqui<\/a><br \/>Vers\u00e3o digital (e-book) &#8211; Clique no bot\u00e3o Comprar<\/strong><\/p>","protected":false},"featured_media":12060,"template":"","meta":{"_joinchat":[]},"product_brand":[],"product_cat":[15],"product_tag":[],"class_list":{"0":"post-12050","1":"product","2":"type-product","3":"status-publish","4":"has-post-thumbnail","6":"product_cat-sem-categoria","7":"product_shipping_class-geral","8":"align-center","9":"box-shadow-1","10":"box-shadow-3-hover","11":"ast-product-gallery-layout-horizontal","12":"ast-product-gallery-with-no-image","13":"ast-product-tabs-layout-horizontal","15":"first","16":"instock","17":"downloadable","18":"virtual","19":"purchasable","20":"product-type-simple"},"_links":{"self":[{"href":"https:\/\/www.dommodesto.com.br\/en\/wp-json\/wp\/v2\/product\/12050","targetHints":{"allow":["GET"]}}],"collection":[{"href":"https:\/\/www.dommodesto.com.br\/en\/wp-json\/wp\/v2\/product"}],"about":[{"href":"https:\/\/www.dommodesto.com.br\/en\/wp-json\/wp\/v2\/types\/product"}],"wp:featuredmedia":[{"embeddable":true,"href":"https:\/\/www.dommodesto.com.br\/en\/wp-json\/wp\/v2\/media\/12060"}],"wp:attachment":[{"href":"https:\/\/www.dommodesto.com.br\/en\/wp-json\/wp\/v2\/media?parent=12050"}],"wp:term":[{"taxonomy":"product_brand","embeddable":true,"href":"https:\/\/www.dommodesto.com.br\/en\/wp-json\/wp\/v2\/product_brand?post=12050"},{"taxonomy":"product_cat","embeddable":true,"href":"https:\/\/www.dommodesto.com.br\/en\/wp-json\/wp\/v2\/product_cat?post=12050"},{"taxonomy":"product_tag","embeddable":true,"href":"https:\/\/www.dommodesto.com.br\/en\/wp-json\/wp\/v2\/product_tag?post=12050"}],"curies":[{"name":"wp","href":"https:\/\/api.w.org\/{rel}","templated":true}]}}

Crítica Hermenêutica do Direito: as sementes de hoje e os frutos do amanhã – uma homenagem ao professor Lenio Luiz Streck (Versão Digital)

<p>A <em>Crítica Hermenêutica do Direito</em>, de Lenio Streck, matriz teórica articulada <em>no Brasil, para o Brasil</em>, por um jurista <em>brasileiro </em>é, bem&#8230; hermenêutica; e é próprio da hermenêutica não perder de vista o tempo e a facticidade. Nosso tempo, nossa facticidade. A teoria do direito elaborada por Streck dispensa qualquer pretensão utópica de uma justiça metafísica; dispensa igualmente a inexistente neutralidade que serve de bandeira àqueles que desoneram as próprias teorias de qualquer pretensão (ou <em>responsabilidade</em>) normativa. Streck, afinal, não lida com abstrações, teóricas ou metafísicas. Streck quer compreender o fenômeno a que chamamos <em>direito </em>e, com isso, construir respostas possíveis aos problemas de nossa prática jurídica, que é, afinal, a materialização do fenômeno em nossas vidas cotidianas.</p>
<p>Essa é a importância da obra de Streck. E essa é a importância de uma obra como esta. Muito mais poderia ser dito sobre a teoria do Professor Lenio, mas já é hora de deixar que os autores deste livro digam aquilo que têm a dizer.</p>

<p>Angela Dias Mendes</p>
<p><strong>Versão impressa &#8211; <a href="https://www.amazon.com.br/dp/6586537142?ref=myi_title_dp" target="_blank" rel="noopener noreferrer">Clique aqui</a><br />Versão digital (e-book) &#8211; Clique no botão Comprar</strong></p>
