{"id":9746,"date":"2020-08-04T12:56:52","date_gmt":"2020-08-04T15:56:52","guid":{"rendered":"https:\/\/www.dommodesto.com.br\/?post_type=product&#038;p=9746"},"modified":"2021-06-03T20:58:42","modified_gmt":"2021-06-03T23:58:42","slug":"politicas-publicas-no-brasil-volume-ii-tomo-ii-versao-digital","status":"publish","type":"product","link":"http:\/\/www.dommodesto.com.br\/en\/product\/politicas-publicas-no-brasil-volume-ii-tomo-ii-versao-digital\/","title":{"rendered":"Pol\u00edticas P\u00fablicas no Brasil \u2013 Volume II \u2013 Tomo II (vers\u00e3o digital)"},"content":{"rendered":"<p>Na agenda desse Brasil de novas inten\u00e7\u00f5es, t\u00e3o marcado por abissais gaps sociais e distintas formas de legitima\u00e7\u00e3o dessas mesmas desigualdades \u2013 naturalizadas na cotidianidade de nossas vidas \u2013, restava em aberto n\u00e3o um que fazer, mas um como fazer. Academicamente, abriu-se, assim, um protagonizado espa\u00e7o \u00e0s pol\u00edticas p\u00fablicas que, grosso modo, acenam justamente a essa constante interroga\u00e7\u00e3o: como realizar fins constitucionalmente assegurados, projetando discricionariedade e criatividade a uma cristalizada linguagem p\u00fablica bem fixada no texto constitucional?<\/p>\n<div>\n<p>Esse tra\u00e7o das pol\u00edticas p\u00fablicas, que faz dessa categoria objeto de estudo em diversas \u00e1reas \u2013 da Ci\u00eancia Pol\u00edtica ao Direito \u2013, \u00e9 o que move o\u00a0segundo volume da obra Pol\u00edticas p\u00fablicas no Brasil: ensaios para uma gest\u00e3o\u00a0p\u00fablica voltada \u00e0 tutela dos direitos humanos. Contando com a prof\u00edcua\u00a0contribui\u00e7\u00e3o de seleto conjunto de pesquisadores vinculados a renomados<\/p>\n<div>Programas de P\u00f3s-Gradua\u00e7\u00e3o no Brasil, a obra pretende oferecer ao leitor interessado no tema um debate marcado, sobremodo, por um contempor\u00e2neo e necess\u00e1rio enfoque interdisciplinar, integrando saberes e projetando diferentes possibilidades investigativas a partir\u00a0dos recursos de v\u00e1rias disciplinas.<\/div>\n<\/div>","protected":false},"excerpt":{"rendered":"<p>Anderson Vichinkeski Teixeira<br \/>Marcelo Dias Jaques<br \/>Giancarlo Montagner Copelli<\/p>","protected":false},"featured_media":9748,"template":"","meta":{"_joinchat":[]},"product_brand":[],"product_cat":[57],"product_tag":[],"class_list":{"0":"post-9746","1":"product","2":"type-product","3":"status-publish","4":"has-post-thumbnail","6":"product_cat-ciencias-sociais-aplicadas","7":"product_shipping_class-geral","8":"align-center","9":"box-shadow-1","10":"box-shadow-3-hover","11":"ast-product-gallery-layout-horizontal","12":"ast-product-gallery-with-no-image","13":"ast-product-tabs-layout-horizontal","15":"first","16":"instock","17":"downloadable","18":"virtual","19":"purchasable","20":"product-type-simple"},"_links":{"self":[{"href":"http:\/\/www.dommodesto.com.br\/en\/wp-json\/wp\/v2\/product\/9746","targetHints":{"allow":["GET"]}}],"collection":[{"href":"http:\/\/www.dommodesto.com.br\/en\/wp-json\/wp\/v2\/product"}],"about":[{"href":"http:\/\/www.dommodesto.com.br\/en\/wp-json\/wp\/v2\/types\/product"}],"wp:featuredmedia":[{"embeddable":true,"href":"http:\/\/www.dommodesto.com.br\/en\/wp-json\/wp\/v2\/media\/9748"}],"wp:attachment":[{"href":"http:\/\/www.dommodesto.com.br\/en\/wp-json\/wp\/v2\/media?parent=9746"}],"wp:term":[{"taxonomy":"product_brand","embeddable":true,"href":"http:\/\/www.dommodesto.com.br\/en\/wp-json\/wp\/v2\/product_brand?post=9746"},{"taxonomy":"product_cat","embeddable":true,"href":"http:\/\/www.dommodesto.com.br\/en\/wp-json\/wp\/v2\/product_cat?post=9746"},{"taxonomy":"product_tag","embeddable":true,"href":"http:\/\/www.dommodesto.com.br\/en\/wp-json\/wp\/v2\/product_tag?post=9746"}],"curies":[{"name":"wp","href":"https:\/\/api.w.org\/{rel}","templated":true}]}}

Políticas Públicas no Brasil – Volume II – Tomo II (versão digital)

<p>Na agenda desse Brasil de novas intenções, tão marcado por abissais gaps sociais e distintas formas de legitimação dessas mesmas desigualdades – naturalizadas na cotidianidade de nossas vidas –, restava em aberto não um que fazer, mas um como fazer. Academicamente, abriu-se, assim, um protagonizado espaço às políticas públicas que, grosso modo, acenam justamente a essa constante interrogação: como realizar fins constitucionalmente assegurados, projetando discricionariedade e criatividade a uma cristalizada linguagem pública bem fixada no texto constitucional?</p>
<div>
<p>Esse traço das políticas públicas, que faz dessa categoria objeto de estudo em diversas áreas – da Ciência Política ao Direito –, é o que move o segundo volume da obra Políticas públicas no Brasil: ensaios para uma gestão pública voltada à tutela dos direitos humanos. Contando com a profícua contribuição de seleto conjunto de pesquisadores vinculados a renomados</p>
<div>Programas de Pós-Graduação no Brasil, a obra pretende oferecer ao leitor interessado no tema um debate marcado, sobremodo, por um contemporâneo e necessário enfoque interdisciplinar, integrando saberes e projetando diferentes possibilidades investigativas a partir dos recursos de várias disciplinas.</div>
</div>
