{"id":68112,"date":"2025-06-02T13:08:45","date_gmt":"2025-06-02T16:08:45","guid":{"rendered":"https:\/\/www.dommodesto.com.br\/?post_type=product&#038;p=68112"},"modified":"2025-06-02T13:13:51","modified_gmt":"2025-06-02T16:13:51","slug":"vulnerabilidade-e-envelhecimento-politicas-sociais-de-protecao-as-pessoas-idosas","status":"publish","type":"product","link":"http:\/\/www.dommodesto.com.br\/en\/product\/vulnerabilidade-e-envelhecimento-politicas-sociais-de-protecao-as-pessoas-idosas\/","title":{"rendered":"Vulnerabilidade e envelhecimento: pol\u00edticas sociais de prote\u00e7\u00e3o \u00e0s pessoas idosas"},"content":{"rendered":"<p style=\"text-align: justify;\">O envelhecimento populacional \u00e9 um dos maiores desafios sociais do s\u00e9culo XXI, exigindo respostas p\u00fablicas pautadas na justi\u00e7a social, na dignidade humana e na efetiva\u00e7\u00e3o de direitos fundamentais. Esta obra apresenta uma an\u00e1lise cr\u00edtica e comparativa das pol\u00edticas sociais de prote\u00e7\u00e3o \u00e0 popula\u00e7\u00e3o idosa no contexto brasileiro.<\/p>\n<p style=\"text-align: justify;\">A partir de uma abordagem interdisciplinar, o livro articula dados demogr\u00e1ficos, marcos jur\u00eddicos, an\u00e1lises de programas de transfer\u00eancia de renda e reflex\u00f5es sobre vulnerabilidades agravadas por fatores como g\u00eanero, ra\u00e7a e territ\u00f3rio. Com s\u00f3lida fundamenta\u00e7\u00e3o te\u00f3rica e emp\u00edrica, as autoras discutem os limites e potencialidades das pol\u00edticas p\u00fablicas voltadas \u00e0s pessoas idosas, questionando a atua\u00e7\u00e3o estatal diante das desigualdades estruturais que marcam o envelhecer no Brasil.<\/p>\n<p style=\"text-align: justify;\">Destinada a pesquisadores, estudantes, gestores p\u00fablicos e formuladores de pol\u00edticas, esta obra contribui para o fortalecimento de uma agenda comprometida com o envelhecimento digno, a equidade e a inclus\u00e3o social.<\/p>","protected":false},"excerpt":{"rendered":"<p>Anna Paula Bagetti Zeifert<br \/>Vit\u00f3ria Agnoletto<\/p>\n<p><strong>Download gratuito (e-book) &#8211; Clique no bot\u00e3o Download;<\/strong><br \/><strong>Vers\u00e3o impressa &#8211; indispon\u00edvel;<\/strong><\/p>","protected":false},"featured_media":68115,"template":"","meta":{"_joinchat":[]},"product_brand":[],"product_cat":[15],"product_tag":[],"class_list":{"0":"post-68112","1":"product","2":"type-product","3":"status-publish","4":"has-post-thumbnail","6":"product_cat-sem-categoria","7":"align-center","8":"box-shadow-1","9":"box-shadow-3-hover","10":"ast-product-gallery-layout-horizontal","11":"ast-product-gallery-with-no-image","12":"ast-product-tabs-layout-horizontal","14":"first","15":"instock","16":"downloadable","17":"virtual","18":"purchasable","19":"product-type-simple"},"_links":{"self":[{"href":"http:\/\/www.dommodesto.com.br\/en\/wp-json\/wp\/v2\/product\/68112","targetHints":{"allow":["GET"]}}],"collection":[{"href":"http:\/\/www.dommodesto.com.br\/en\/wp-json\/wp\/v2\/product"}],"about":[{"href":"http:\/\/www.dommodesto.com.br\/en\/wp-json\/wp\/v2\/types\/product"}],"wp:featuredmedia":[{"embeddable":true,"href":"http:\/\/www.dommodesto.com.br\/en\/wp-json\/wp\/v2\/media\/68115"}],"wp:attachment":[{"href":"http:\/\/www.dommodesto.com.br\/en\/wp-json\/wp\/v2\/media?parent=68112"}],"wp:term":[{"taxonomy":"product_brand","embeddable":true,"href":"http:\/\/www.dommodesto.com.br\/en\/wp-json\/wp\/v2\/product_brand?post=68112"},{"taxonomy":"product_cat","embeddable":true,"href":"http:\/\/www.dommodesto.com.br\/en\/wp-json\/wp\/v2\/product_cat?post=68112"},{"taxonomy":"product_tag","embeddable":true,"href":"http:\/\/www.dommodesto.com.br\/en\/wp-json\/wp\/v2\/product_tag?post=68112"}],"curies":[{"name":"wp","href":"https:\/\/api.w.org\/{rel}","templated":true}]}}

Vulnerabilidade e envelhecimento: políticas sociais de proteção às pessoas idosas

<p style="text-align: justify;">O envelhecimento populacional é um dos maiores desafios sociais do século XXI, exigindo respostas públicas pautadas na justiça social, na dignidade humana e na efetivação de direitos fundamentais. Esta obra apresenta uma análise crítica e comparativa das políticas sociais de proteção à população idosa no contexto brasileiro.</p>
<p style="text-align: justify;">A partir de uma abordagem interdisciplinar, o livro articula dados demográficos, marcos jurídicos, análises de programas de transferência de renda e reflexões sobre vulnerabilidades agravadas por fatores como gênero, raça e território. Com sólida fundamentação teórica e empírica, as autoras discutem os limites e potencialidades das políticas públicas voltadas às pessoas idosas, questionando a atuação estatal diante das desigualdades estruturais que marcam o envelhecer no Brasil.</p>
<p style="text-align: justify;">Destinada a pesquisadores, estudantes, gestores públicos e formuladores de políticas, esta obra contribui para o fortalecimento de uma agenda comprometida com o envelhecimento digno, a equidade e a inclusão social.</p>

<p>Anna Paula Bagetti Zeifert<br />Vitória Agnoletto</p>
<p><strong>Download gratuito (e-book) &#8211; Clique no botão Download;</strong><br /><strong>Versão impressa &#8211; indisponível;</strong></p>
