{"id":67068,"date":"2023-11-24T08:58:20","date_gmt":"2023-11-24T11:58:20","guid":{"rendered":"https:\/\/www.dommodesto.com.br\/?post_type=product&#038;p=67068"},"modified":"2023-11-24T16:59:19","modified_gmt":"2023-11-24T19:59:19","slug":"direito-humano-a-saude-performatividade-e-precariedade-da-existencia-das-mulheres-transmigrantes-no-estado-do-rio-grande-do-sul-sob-a-perspectiva-da-metateoria-do-direito-fraterno","status":"publish","type":"product","link":"http:\/\/www.dommodesto.com.br\/en\/product\/direito-humano-a-saude-performatividade-e-precariedade-da-existencia-das-mulheres-transmigrantes-no-estado-do-rio-grande-do-sul-sob-a-perspectiva-da-metateoria-do-direito-fraterno\/","title":{"rendered":"Direito humano \u00e0 sa\u00fade: performatividade e precariedade da exist\u00eancia das mulheres transmigrantes no Estado do Rio Grande do Sul sob a perspectiva da Metateoria do  Direito Fraterno"},"content":{"rendered":"<p style=\"text-align: justify;\"><em>\u201cPropor-se a apresentar a tem\u00e1tica da transmigra\u00e7\u00e3o feminina exige coragem, sensibilidade e humanidade por romper com as masmorras em que o Direito se encontra preso e abrir-se para um di\u00e1logo entre as ci\u00eancias, entre as artes, entre &#8211; de e para &#8211; seres humanos. Assim como Macab\u00e9a, nordestina que migra para o Rio de Janeiro, personagem de Clarice Lispector, cujas hist\u00f3rias ilustram essa obra, preocupam-se Gabrielle e Jana\u00edna em atribuir nomes a rostos, identidades a mulheres, vidas a corpos femininos, de todas as cores, de todas as origens, de todas as idades, simplesmente mulheres.<\/em><\/p>\n<p>A obra, a partir dos conceitos-base, sa\u00fade e g\u00eanero, que norteiam o estudo, desmistifica a invisibilidade das mulheres transmigrantes no Rio Grande do Sul, estabelecendo, para tanto, a Metateoria do Direito Fraterno como elemento essencial para a exist\u00eancia humana e condi\u00e7\u00e3o feminina na sociedade. Trata-se de um estudo caracterizado pelo ineditismo e propositismo, cuja qualidade \u00e9 not\u00f3ria, cumprindo com os verdadeiros objetivos da pesquisa e do Direito, mudar e transformar a realidade de forma sens\u00edvel e humana. \u00c9 uma contribui\u00e7\u00e3o significativa aos estudos de sa\u00fade e g\u00eanero, \u00e9 um sopro de esperan\u00e7a \u00e0 humanidade e \u00e9 uma conquista das e \u00e0s mulheres.\u201d<\/p>\n<p>Charlise Paula Colet Gimenez<\/p>","protected":false},"excerpt":{"rendered":"<p>Gabrielle Scola Dutra<br \/>Jana\u00edna Machado Sturza<\/p>\n<p><strong>Download gratuito &#8211; obra com apoio do Conselho Nacional de Desenvolvimento Cient\u00edfico e Tecnol\u00f3gico (CNPq)<\/strong><\/p>\n<p><strong>Vers\u00e3o digital (e-book) &#8211; Clique no bot\u00e3o Download<\/strong><\/p>","protected":false},"featured_media":67071,"template":"","meta":{"_joinchat":[]},"product_brand":[],"product_cat":[15],"product_tag":[248],"class_list":{"0":"post-67068","1":"product","2":"type-product","3":"status-publish","4":"has-post-thumbnail","6":"product_cat-sem-categoria","7":"product_tag-248","8":"align-center","9":"box-shadow-1","10":"box-shadow-3-hover","11":"ast-product-gallery-layout-horizontal","12":"ast-product-gallery-with-no-image","13":"ast-product-tabs-layout-horizontal","15":"first","16":"instock","17":"downloadable","18":"virtual","19":"purchasable","20":"product-type-simple"},"_links":{"self":[{"href":"http:\/\/www.dommodesto.com.br\/en\/wp-json\/wp\/v2\/product\/67068","targetHints":{"allow":["GET"]}}],"collection":[{"href":"http:\/\/www.dommodesto.com.br\/en\/wp-json\/wp\/v2\/product"}],"about":[{"href":"http:\/\/www.dommodesto.com.br\/en\/wp-json\/wp\/v2\/types\/product"}],"wp:featuredmedia":[{"embeddable":true,"href":"http:\/\/www.dommodesto.com.br\/en\/wp-json\/wp\/v2\/media\/67071"}],"wp:attachment":[{"href":"http:\/\/www.dommodesto.com.br\/en\/wp-json\/wp\/v2\/media?parent=67068"}],"wp:term":[{"taxonomy":"product_brand","embeddable":true,"href":"http:\/\/www.dommodesto.com.br\/en\/wp-json\/wp\/v2\/product_brand?post=67068"},{"taxonomy":"product_cat","embeddable":true,"href":"http:\/\/www.dommodesto.com.br\/en\/wp-json\/wp\/v2\/product_cat?post=67068"},{"taxonomy":"product_tag","embeddable":true,"href":"http:\/\/www.dommodesto.com.br\/en\/wp-json\/wp\/v2\/product_tag?post=67068"}],"curies":[{"name":"wp","href":"https:\/\/api.w.org\/{rel}","templated":true}]}}

Direito humano à saúde: performatividade e precariedade da existência das mulheres transmigrantes no Estado do Rio Grande do Sul sob a perspectiva da Metateoria do  Direito Fraterno

<p style="text-align: justify;"><em>“Propor-se a apresentar a temática da transmigração feminina exige coragem, sensibilidade e humanidade por romper com as masmorras em que o Direito se encontra preso e abrir-se para um diálogo entre as ciências, entre as artes, entre &#8211; de e para &#8211; seres humanos. Assim como Macabéa, nordestina que migra para o Rio de Janeiro, personagem de Clarice Lispector, cujas histórias ilustram essa obra, preocupam-se Gabrielle e Janaína em atribuir nomes a rostos, identidades a mulheres, vidas a corpos femininos, de todas as cores, de todas as origens, de todas as idades, simplesmente mulheres.</em></p>
<p>A obra, a partir dos conceitos-base, saúde e gênero, que norteiam o estudo, desmistifica a invisibilidade das mulheres transmigrantes no Rio Grande do Sul, estabelecendo, para tanto, a Metateoria do Direito Fraterno como elemento essencial para a existência humana e condição feminina na sociedade. Trata-se de um estudo caracterizado pelo ineditismo e propositismo, cuja qualidade é notória, cumprindo com os verdadeiros objetivos da pesquisa e do Direito, mudar e transformar a realidade de forma sensível e humana. É uma contribuição significativa aos estudos de saúde e gênero, é um sopro de esperança à humanidade e é uma conquista das e às mulheres.”</p>
<p>Charlise Paula Colet Gimenez</p>

<p>Gabrielle Scola Dutra<br />Janaína Machado Sturza</p>
<p><strong>Download gratuito &#8211; obra com apoio do Conselho Nacional de Desenvolvimento Científico e Tecnológico (CNPq)</strong></p>
<p><strong>Versão digital (e-book) &#8211; Clique no botão Download</strong></p>
