{"id":66912,"date":"2023-07-13T18:25:46","date_gmt":"2023-07-13T21:25:46","guid":{"rendered":"https:\/\/www.dommodesto.com.br\/?post_type=product&#038;p=66912"},"modified":"2023-07-13T18:25:47","modified_gmt":"2023-07-13T21:25:47","slug":"anais-do-iii-seminario-politicas-publicas-de-acesso-a-justica-e-direitos-humanos","status":"publish","type":"product","link":"http:\/\/www.dommodesto.com.br\/en\/product\/anais-do-iii-seminario-politicas-publicas-de-acesso-a-justica-e-direitos-humanos\/","title":{"rendered":"Anais do III Semin\u00e1rio Pol\u00edticas P\u00fablicas de Acesso \u00e0 Justi\u00e7a e Direitos Humanos"},"content":{"rendered":"<p style=\"text-align: justify;\">\u201cEste livro organizado por Rosane Teresinha Carvalho Porto, Jana\u00edna Machado Sturza, Maiquel \u00c2ngelo Dezordi Wermuth e Joice Graciele Nielsson d\u00e1 voz a escritos potentes sobre direitos humanos, onde seus autores escrevem com sensibilidade, criticidade e cientificidade, em uma obra dividida em tr\u00eas importantes Grupos de trabalhos: GT1 \u2013 Pol\u00edticas p\u00fablicas de Acesso \u00e0 Justi\u00e7a e Direitos Humanos, GT2 &#8211; Biopol\u00edtica, Direitos Humanos e G\u00eanero e GT3 \u2013 Biopol\u00edtica, Sa\u00fade e Direitos Humanos.<br \/>(&#8230;)<br \/>Essa importante colet\u00e2nea de pesquisas, escrita a muitas m\u00e3os, demonstra sensibilidade e humanismo com os temas principais deste grande Semin\u00e1rio: os Direito Humanos, o Acesso \u00e0 Justi\u00e7a e as Pol\u00edticas P\u00fablicas. Refletir e pesquisar sobre os direitos humanos \u00e9 tarefa urgente diante das viola\u00e7\u00f5es inaceit\u00e1veis a que est\u00e3o sujeitas tantas pessoas em nosso pa\u00eds, especialmente as mulheres majoritariamente negras e de baixa renda, as mulheres encarceradas, as trans: que fortalece a concep\u00e7\u00e3o biologicista que predomina nos discursos. Esta \u00e9 uma obra referencial, para todos que querem aprofundar seus estudos e pesquisas nesses temas, mas, tamb\u00e9m, somarem for\u00e7as nessas lutas.\u201d<\/p>\n<p><em>Lenice Kelner<\/em><\/p>","protected":false},"excerpt":{"rendered":"<p>Rosane Teresinha Carvalho Porto<br \/>Jana\u00edna Machado Sturza<br \/>Maiquel \u00c2ngelo Dezordi Wermuth<br \/>Joice Graciele Nielsson<\/p>\n<p><strong>Download gratuito &#8211; projeto financiado pela Funda\u00e7\u00e3o de Amparo \u00e0 Pesquisa do Estado do RS (FAPERGS)<\/strong><\/p>\n<p><strong>Vers\u00e3o digital (e-book) &#8211; Clique no bot\u00e3o Download<\/strong><\/p>","protected":false},"featured_media":66913,"template":"","meta":{"_joinchat":[]},"product_brand":[],"product_cat":[57,15],"product_tag":[220],"class_list":{"0":"post-66912","1":"product","2":"type-product","3":"status-publish","4":"has-post-thumbnail","6":"product_cat-ciencias-sociais-aplicadas","7":"product_cat-sem-categoria","8":"product_tag-anais-do-iii-seminario-politicas","9":"align-center","10":"box-shadow-1","11":"box-shadow-3-hover","12":"ast-product-gallery-layout-horizontal","13":"ast-product-gallery-with-no-image","14":"ast-product-tabs-layout-horizontal","16":"first","17":"instock","18":"downloadable","19":"virtual","20":"product-type-simple"},"_links":{"self":[{"href":"http:\/\/www.dommodesto.com.br\/en\/wp-json\/wp\/v2\/product\/66912","targetHints":{"allow":["GET"]}}],"collection":[{"href":"http:\/\/www.dommodesto.com.br\/en\/wp-json\/wp\/v2\/product"}],"about":[{"href":"http:\/\/www.dommodesto.com.br\/en\/wp-json\/wp\/v2\/types\/product"}],"wp:featuredmedia":[{"embeddable":true,"href":"http:\/\/www.dommodesto.com.br\/en\/wp-json\/wp\/v2\/media\/66913"}],"wp:attachment":[{"href":"http:\/\/www.dommodesto.com.br\/en\/wp-json\/wp\/v2\/media?parent=66912"}],"wp:term":[{"taxonomy":"product_brand","embeddable":true,"href":"http:\/\/www.dommodesto.com.br\/en\/wp-json\/wp\/v2\/product_brand?post=66912"},{"taxonomy":"product_cat","embeddable":true,"href":"http:\/\/www.dommodesto.com.br\/en\/wp-json\/wp\/v2\/product_cat?post=66912"},{"taxonomy":"product_tag","embeddable":true,"href":"http:\/\/www.dommodesto.com.br\/en\/wp-json\/wp\/v2\/product_tag?post=66912"}],"curies":[{"name":"wp","href":"https:\/\/api.w.org\/{rel}","templated":true}]}}

Anais do III Seminário Políticas Públicas de Acesso à Justiça e Direitos Humanos

<p style="text-align: justify;">“Este livro organizado por Rosane Teresinha Carvalho Porto, Janaína Machado Sturza, Maiquel Ângelo Dezordi Wermuth e Joice Graciele Nielsson dá voz a escritos potentes sobre direitos humanos, onde seus autores escrevem com sensibilidade, criticidade e cientificidade, em uma obra dividida em três importantes Grupos de trabalhos: GT1 – Políticas públicas de Acesso à Justiça e Direitos Humanos, GT2 &#8211; Biopolítica, Direitos Humanos e Gênero e GT3 – Biopolítica, Saúde e Direitos Humanos.<br />(&#8230;)<br />Essa importante coletânea de pesquisas, escrita a muitas mãos, demonstra sensibilidade e humanismo com os temas principais deste grande Seminário: os Direito Humanos, o Acesso à Justiça e as Políticas Públicas. Refletir e pesquisar sobre os direitos humanos é tarefa urgente diante das violações inaceitáveis a que estão sujeitas tantas pessoas em nosso país, especialmente as mulheres majoritariamente negras e de baixa renda, as mulheres encarceradas, as trans: que fortalece a concepção biologicista que predomina nos discursos. Esta é uma obra referencial, para todos que querem aprofundar seus estudos e pesquisas nesses temas, mas, também, somarem forças nessas lutas.”</p>
<p><em>Lenice Kelner</em></p>

<p>Rosane Teresinha Carvalho Porto<br />Janaína Machado Sturza<br />Maiquel Ângelo Dezordi Wermuth<br />Joice Graciele Nielsson</p>
<p><strong>Download gratuito &#8211; projeto financiado pela Fundação de Amparo à Pesquisa do Estado do RS (FAPERGS)</strong></p>
<p><strong>Versão digital (e-book) &#8211; Clique no botão Download</strong></p>
