{"id":66899,"date":"2023-07-05T20:34:32","date_gmt":"2023-07-05T23:34:32","guid":{"rendered":"https:\/\/www.dommodesto.com.br\/?post_type=product&#038;p=66899"},"modified":"2023-11-21T14:17:43","modified_gmt":"2023-11-21T17:17:43","slug":"politicas-publicas-no-brasil-ensaios-para-uma-gestao-publica-voltada-a-tutela-dos-direitos-humanos-vol-v","status":"publish","type":"product","link":"http:\/\/www.dommodesto.com.br\/en\/product\/politicas-publicas-no-brasil-ensaios-para-uma-gestao-publica-voltada-a-tutela-dos-direitos-humanos-vol-v\/","title":{"rendered":"Pol\u00edticas p\u00fablicas no Brasil: ensaios para uma gest\u00e3o p\u00fablica voltada \u00e0 tutela dos Direitos Humanos \u2013 vol. V"},"content":{"rendered":"<p>\u201cOs autores dessa singela obra organizada, ao contribu\u00edrem com os seus cap\u00edtulos, suas ideias, suas cr\u00edticas, demonstram a maturidade para criticar, n\u00e3o valendo-se da \u2018fulaniza\u00e7\u00e3o\u2019, mas se propondo a criar um campo de matura\u00e7\u00e3o e transforma\u00e7\u00e3o social por meio da reflex\u00e3o, do argumento, caminho prof\u00edcuo para o debate. Embora n\u00e3o estejamos totalmente prontos para criticar, a humanidade e humildade dos autores em n\u00e3o se colocar como porta-vozes das verdades absolutas, mas de aceitarem em tamb\u00e9m aprender e, em alguns momentos, ensinar, evidencia aos leitores a riqueza do trabalho aqui constru\u00eddo. Trabalho esse, que tem por premissa contribuir e auxiliar na reflex\u00e3o-cr\u00edtica da import\u00e2ncia das pol\u00edticas p\u00fablicas no Brasil sob a perspectiva dos Direitos Humanos para al\u00e9m da universaliza\u00e7\u00e3o e sim, tratando as diferen\u00e7as e vulnerabilidades sociais, dada a desigualdade econ\u00f4mica e social em meio \u00e0 ampla territorialidade do pa\u00eds.\u201d<\/p>\n<p><em>Rosane Teresinha Carvalho Porto<\/em><\/p>","protected":false},"excerpt":{"rendered":"<p>Anderson Vichinkeski Teixeira<br \/>Marcelo Dias Jaques<br \/>Giancarlo Montagner Copelli<\/p>\n<p><em>Toda a receita l\u00edquida obtida com a comercializa\u00e7\u00e3o da obra nas vers\u00f5es e-book e impressa ser\u00e1 revertida \u00e0 causa da educa\u00e7\u00e3o infantil no Brasil.<\/em><\/p>\n<p><strong>Vers\u00e3o impressa &#8211; em breve dispon\u00edvel na Amazon e em outros grandes marketplaces.<\/strong><br \/><strong>Vers\u00e3o digital (e-book) &#8211; Clique no bot\u00e3o Comprar<\/strong><\/p>","protected":false},"featured_media":66900,"template":"","meta":{"_joinchat":[]},"product_brand":[],"product_cat":[15],"product_tag":[],"class_list":{"0":"post-66899","1":"product","2":"type-product","3":"status-publish","4":"has-post-thumbnail","6":"product_cat-sem-categoria","7":"align-center","8":"box-shadow-1","9":"box-shadow-3-hover","10":"ast-product-gallery-layout-horizontal","11":"ast-product-gallery-with-no-image","12":"ast-product-tabs-layout-horizontal","14":"first","15":"instock","16":"downloadable","17":"virtual","18":"sold-individually","19":"purchasable","20":"product-type-simple"},"_links":{"self":[{"href":"http:\/\/www.dommodesto.com.br\/en\/wp-json\/wp\/v2\/product\/66899","targetHints":{"allow":["GET"]}}],"collection":[{"href":"http:\/\/www.dommodesto.com.br\/en\/wp-json\/wp\/v2\/product"}],"about":[{"href":"http:\/\/www.dommodesto.com.br\/en\/wp-json\/wp\/v2\/types\/product"}],"wp:featuredmedia":[{"embeddable":true,"href":"http:\/\/www.dommodesto.com.br\/en\/wp-json\/wp\/v2\/media\/66900"}],"wp:attachment":[{"href":"http:\/\/www.dommodesto.com.br\/en\/wp-json\/wp\/v2\/media?parent=66899"}],"wp:term":[{"taxonomy":"product_brand","embeddable":true,"href":"http:\/\/www.dommodesto.com.br\/en\/wp-json\/wp\/v2\/product_brand?post=66899"},{"taxonomy":"product_cat","embeddable":true,"href":"http:\/\/www.dommodesto.com.br\/en\/wp-json\/wp\/v2\/product_cat?post=66899"},{"taxonomy":"product_tag","embeddable":true,"href":"http:\/\/www.dommodesto.com.br\/en\/wp-json\/wp\/v2\/product_tag?post=66899"}],"curies":[{"name":"wp","href":"https:\/\/api.w.org\/{rel}","templated":true}]}}

Políticas públicas no Brasil: ensaios para uma gestão pública voltada à tutela dos Direitos Humanos – vol. V

<p>“Os autores dessa singela obra organizada, ao contribuírem com os seus capítulos, suas ideias, suas críticas, demonstram a maturidade para criticar, não valendo-se da ‘fulanização’, mas se propondo a criar um campo de maturação e transformação social por meio da reflexão, do argumento, caminho profícuo para o debate. Embora não estejamos totalmente prontos para criticar, a humanidade e humildade dos autores em não se colocar como porta-vozes das verdades absolutas, mas de aceitarem em também aprender e, em alguns momentos, ensinar, evidencia aos leitores a riqueza do trabalho aqui construído. Trabalho esse, que tem por premissa contribuir e auxiliar na reflexão-crítica da importância das políticas públicas no Brasil sob a perspectiva dos Direitos Humanos para além da universalização e sim, tratando as diferenças e vulnerabilidades sociais, dada a desigualdade econômica e social em meio à ampla territorialidade do país.”</p>
<p><em>Rosane Teresinha Carvalho Porto</em></p>

<p>Anderson Vichinkeski Teixeira<br />Marcelo Dias Jaques<br />Giancarlo Montagner Copelli</p>
<p><em>Toda a receita líquida obtida com a comercialização da obra nas versões e-book e impressa será revertida à causa da educação infantil no Brasil.</em></p>
<p><strong>Versão impressa &#8211; em breve disponível na Amazon e em outros grandes marketplaces.</strong><br /><strong>Versão digital (e-book) &#8211; Clique no botão Comprar</strong></p>
