{"id":66897,"date":"2023-07-06T15:12:27","date_gmt":"2023-07-06T18:12:27","guid":{"rendered":"https:\/\/www.dommodesto.com.br\/?post_type=product&#038;p=66897"},"modified":"2023-07-06T15:12:27","modified_gmt":"2023-07-06T18:12:27","slug":"direitos-humanos-saude-e-violencia-domestica-conexoes-entre-politicas-publicas-acoes-afirmativas-e-marcos-legais","status":"publish","type":"product","link":"http:\/\/www.dommodesto.com.br\/en\/product\/direitos-humanos-saude-e-violencia-domestica-conexoes-entre-politicas-publicas-acoes-afirmativas-e-marcos-legais\/","title":{"rendered":"Direitos Humanos, sa\u00fade e viol\u00eancia dom\u00e9stica: conex\u00f5es entre pol\u00edticas p\u00fablicas, a\u00e7\u00f5es afirmativas e marcos legais"},"content":{"rendered":"<p style=\"text-align: justify;\">\u201cPara falar da viol\u00eancia contra a mulher no Brasil e no mundo, precisamos entender as ra\u00edzes dessa realidade que tem tirado a vida de milhares de mulheres ao redor do planeta. Precisamos falar principalmente sobre o sentimento de posse do homem sobre a mulher, n\u00e3o apenas um sentimento, mas, em muitos casos, uma convic\u00e7\u00e3o. Essa premissa de que a mulher \u00e9 propriedade do homem nos remete inicialmente \u00e0 forma\u00e7\u00e3o social como a conhecemos hoje, quando o ser humano passou a se fixar na terra e, por meio do cultivo, surgiu o excedente de produ\u00e7\u00e3o, e, consequentemente, nasceu o com\u00e9rcio, o capital, o lucro, passou-se a estabelecer a propriedade privada, trazendo tamb\u00e9m \u00e0s fam\u00edlias a preocupa\u00e7\u00e3o com a sucess\u00e3o da heran\u00e7a, afinal era o homem que trabalhava na terra e, por meio do trabalho dele, o ac\u00famulo de capital se tornava poss\u00edvel para sua fam\u00edlia.<\/p>\n<p style=\"text-align: justify;\">(&#8230;)<\/p>\n<p style=\"text-align: justify;\">\u00c9 com o objetivo de trazer \u00e0 discuss\u00e3o esse quadro de viol\u00eancia e, principalmente, buscar solu\u00e7\u00f5es para esse problema que apresentamos esse rico trabalho, o qual poder\u00e1 servir de base para diversas pol\u00edticas efetivas que venham a contribuir para um pa\u00eds mais seguro e justo para todas as mulheres.\u201d<\/p>\n<p><em>Camila Renatha Paiva Barbosa Torres<\/em><\/p>","protected":false},"excerpt":{"rendered":"<p>Rosane Teresinha Carvalho Porto<br \/>Jana\u00edna Machado Sturza<br \/>T\u00e2nia Regina Silva Reckziegel<br \/>Daniela Silva Fontoura de Barcellos<\/p>\n<p><strong>Download gratuito &#8211; projeto financiado pela Funda\u00e7\u00e3o de Amparo \u00e0 Pesquisa do Estado do RS (FAPERGS)<\/strong><\/p>\n<p><strong>Vers\u00e3o impressa &#8211; Tiragem limitada, n\u00e3o comercial, destinada exclusivamente \u00e0 finalidade acad\u00eamica do projeto.<\/strong><br \/><strong>Vers\u00e3o digital (e-book) &#8211; Clique no bot\u00e3o Download<\/strong><\/p>","protected":false},"featured_media":66898,"template":"","meta":{"_joinchat":[]},"product_brand":[],"product_cat":[15],"product_tag":[217,215,216],"class_list":{"0":"post-66897","1":"product","2":"type-product","3":"status-publish","4":"has-post-thumbnail","6":"product_cat-sem-categoria","7":"product_tag-acoes-afirmativas-e-marcos-legais","8":"product_tag-direitos-humanos","9":"product_tag-saude-e-violencia-domestica-conexoes-entre-politicas-publicas","10":"align-center","11":"box-shadow-1","12":"box-shadow-3-hover","13":"ast-product-gallery-layout-horizontal","14":"ast-product-gallery-with-no-image","15":"ast-product-tabs-layout-horizontal","17":"first","18":"instock","19":"downloadable","20":"virtual","21":"product-type-simple"},"_links":{"self":[{"href":"http:\/\/www.dommodesto.com.br\/en\/wp-json\/wp\/v2\/product\/66897","targetHints":{"allow":["GET"]}}],"collection":[{"href":"http:\/\/www.dommodesto.com.br\/en\/wp-json\/wp\/v2\/product"}],"about":[{"href":"http:\/\/www.dommodesto.com.br\/en\/wp-json\/wp\/v2\/types\/product"}],"wp:featuredmedia":[{"embeddable":true,"href":"http:\/\/www.dommodesto.com.br\/en\/wp-json\/wp\/v2\/media\/66898"}],"wp:attachment":[{"href":"http:\/\/www.dommodesto.com.br\/en\/wp-json\/wp\/v2\/media?parent=66897"}],"wp:term":[{"taxonomy":"product_brand","embeddable":true,"href":"http:\/\/www.dommodesto.com.br\/en\/wp-json\/wp\/v2\/product_brand?post=66897"},{"taxonomy":"product_cat","embeddable":true,"href":"http:\/\/www.dommodesto.com.br\/en\/wp-json\/wp\/v2\/product_cat?post=66897"},{"taxonomy":"product_tag","embeddable":true,"href":"http:\/\/www.dommodesto.com.br\/en\/wp-json\/wp\/v2\/product_tag?post=66897"}],"curies":[{"name":"wp","href":"https:\/\/api.w.org\/{rel}","templated":true}]}}

Direitos Humanos, saúde e violência doméstica: conexões entre políticas públicas, ações afirmativas e marcos legais

<p style="text-align: justify;">“Para falar da violência contra a mulher no Brasil e no mundo, precisamos entender as raízes dessa realidade que tem tirado a vida de milhares de mulheres ao redor do planeta. Precisamos falar principalmente sobre o sentimento de posse do homem sobre a mulher, não apenas um sentimento, mas, em muitos casos, uma convicção. Essa premissa de que a mulher é propriedade do homem nos remete inicialmente à formação social como a conhecemos hoje, quando o ser humano passou a se fixar na terra e, por meio do cultivo, surgiu o excedente de produção, e, consequentemente, nasceu o comércio, o capital, o lucro, passou-se a estabelecer a propriedade privada, trazendo também às famílias a preocupação com a sucessão da herança, afinal era o homem que trabalhava na terra e, por meio do trabalho dele, o acúmulo de capital se tornava possível para sua família.</p>
<p style="text-align: justify;">(&#8230;)</p>
<p style="text-align: justify;">É com o objetivo de trazer à discussão esse quadro de violência e, principalmente, buscar soluções para esse problema que apresentamos esse rico trabalho, o qual poderá servir de base para diversas políticas efetivas que venham a contribuir para um país mais seguro e justo para todas as mulheres.”</p>
<p><em>Camila Renatha Paiva Barbosa Torres</em></p>

<p>Rosane Teresinha Carvalho Porto<br />Janaína Machado Sturza<br />Tânia Regina Silva Reckziegel<br />Daniela Silva Fontoura de Barcellos</p>
<p><strong>Download gratuito &#8211; projeto financiado pela Fundação de Amparo à Pesquisa do Estado do RS (FAPERGS)</strong></p>
<p><strong>Versão impressa &#8211; Tiragem limitada, não comercial, destinada exclusivamente à finalidade acadêmica do projeto.</strong><br /><strong>Versão digital (e-book) &#8211; Clique no botão Download</strong></p>
