{"id":51848,"date":"2022-05-05T11:13:36","date_gmt":"2022-05-05T14:13:36","guid":{"rendered":"https:\/\/www.dommodesto.com.br\/?post_type=product&#038;p=51848"},"modified":"2022-05-05T16:37:57","modified_gmt":"2022-05-05T19:37:57","slug":"direitos-humanos-e-politicas-publicas-caminhos-e-descaminhos-na-busca-pelos-direitos-fundamentais-sociais-vol-ii","status":"publish","type":"product","link":"http:\/\/www.dommodesto.com.br\/en\/product\/direitos-humanos-e-politicas-publicas-caminhos-e-descaminhos-na-busca-pelos-direitos-fundamentais-sociais-vol-ii\/","title":{"rendered":"Direitos Humanos e pol\u00edticas p\u00fablicas: caminhos e descaminhos na busca pelos direitos fundamentais sociais \u2013 vol. II"},"content":{"rendered":"<p>&#8220;O livro <em>Direitos Humanos e Pol\u00edticas P\u00fablicas, Volume II<\/em>, organizado por Jana\u00edna Machado Sturza, Rosane Teresinha Carvalho Porto e por T\u00e2nia Regina Silva Reckziegel exsurge como obra de destaque no cen\u00e1rio nacional pela gama de temas que apresenta sobre a tutela dos direitos humanos.<br \/>(&#8230;)<br \/>Esta obra certamente representa uma contribui\u00e7\u00e3o significativa para a sedimenta\u00e7\u00e3o de novos paradigmas na tem\u00e1tica dos direitos humanos.&#8221;<\/p>\n<p><strong>Valter Shuenquener de Araujo<\/strong><\/p>\n<p>&#8220;A colet\u00e2nea de trabalhos, advinda de um projeto muito bem-sucedido realizado pela UNIJU\u00cd, traz uma gama de temas e cen\u00e1rios da mais alta import\u00e2ncia no momento atual no que tange aos direitos humanos.<br \/>(&#8230;)<br \/>O trabalho traz propostas e vis\u00f5es realistas e eficazes de solu\u00e7\u00e3o aos casos de viola\u00e7\u00f5es aos direitos humanos, e isso \u00e9 o que precisamos nos dias de hoje&#8230;&#8221;<\/p>\n<p><strong>Candice Lavocat Galv\u00e3o Jobim<\/strong><\/p>","protected":false},"excerpt":{"rendered":"<p>Jana\u00edna Machado Sturza<br \/>Rosane Teresinha Carvalho Porto<br \/>T\u00e2nia Regina Silva Reckziegel<\/p>\n<p><strong>Vers\u00e3o impressa &#8211; <a href=\"https:\/\/www.amazon.com.br\/Direitos-pol%C3%ADticas-p%C3%BAblicas-Teresinha-Carvalho\/dp\/6586537630\/ref=sr_1_31?__mk_pt_BR=%C3%85M%C3%85%C5%BD%C3%95%C3%91&amp;crid=3Q4Q0JBWZCBXV&amp;keywords=dom+modesto&amp;qid=1651756890&amp;sprefix=dom+modesto%2Caps%2C282&amp;sr=8-31&amp;ufe=app_do%3Aamzn1.fos.fcd6d665-32ba-4479-9f21-b774e276a678\">Clique aqui<\/a><br \/>Vers\u00e3o digital (e-book) &#8211; Clique no bot\u00e3o Comprar<\/strong><\/p>","protected":false},"featured_media":51957,"template":"","meta":{"_joinchat":[]},"product_brand":[],"product_cat":[15],"product_tag":[],"class_list":{"0":"post-51848","1":"product","2":"type-product","3":"status-publish","4":"has-post-thumbnail","6":"product_cat-sem-categoria","7":"align-center","8":"box-shadow-1","9":"box-shadow-3-hover","10":"ast-product-gallery-layout-horizontal","11":"ast-product-gallery-with-no-image","12":"ast-product-tabs-layout-horizontal","14":"first","15":"instock","16":"downloadable","17":"virtual","18":"purchasable","19":"product-type-simple"},"_links":{"self":[{"href":"http:\/\/www.dommodesto.com.br\/en\/wp-json\/wp\/v2\/product\/51848","targetHints":{"allow":["GET"]}}],"collection":[{"href":"http:\/\/www.dommodesto.com.br\/en\/wp-json\/wp\/v2\/product"}],"about":[{"href":"http:\/\/www.dommodesto.com.br\/en\/wp-json\/wp\/v2\/types\/product"}],"wp:featuredmedia":[{"embeddable":true,"href":"http:\/\/www.dommodesto.com.br\/en\/wp-json\/wp\/v2\/media\/51957"}],"wp:attachment":[{"href":"http:\/\/www.dommodesto.com.br\/en\/wp-json\/wp\/v2\/media?parent=51848"}],"wp:term":[{"taxonomy":"product_brand","embeddable":true,"href":"http:\/\/www.dommodesto.com.br\/en\/wp-json\/wp\/v2\/product_brand?post=51848"},{"taxonomy":"product_cat","embeddable":true,"href":"http:\/\/www.dommodesto.com.br\/en\/wp-json\/wp\/v2\/product_cat?post=51848"},{"taxonomy":"product_tag","embeddable":true,"href":"http:\/\/www.dommodesto.com.br\/en\/wp-json\/wp\/v2\/product_tag?post=51848"}],"curies":[{"name":"wp","href":"https:\/\/api.w.org\/{rel}","templated":true}]}}

Direitos Humanos e políticas públicas: caminhos e descaminhos na busca pelos direitos fundamentais sociais – vol. II

<p>&#8220;O livro <em>Direitos Humanos e Políticas Públicas, Volume II</em>, organizado por Janaína Machado Sturza, Rosane Teresinha Carvalho Porto e por Tânia Regina Silva Reckziegel exsurge como obra de destaque no cenário nacional pela gama de temas que apresenta sobre a tutela dos direitos humanos.<br />(&#8230;)<br />Esta obra certamente representa uma contribuição significativa para a sedimentação de novos paradigmas na temática dos direitos humanos.&#8221;</p>
<p><strong>Valter Shuenquener de Araujo</strong></p>
<p>&#8220;A coletânea de trabalhos, advinda de um projeto muito bem-sucedido realizado pela UNIJUÍ, traz uma gama de temas e cenários da mais alta importância no momento atual no que tange aos direitos humanos.<br />(&#8230;)<br />O trabalho traz propostas e visões realistas e eficazes de solução aos casos de violações aos direitos humanos, e isso é o que precisamos nos dias de hoje&#8230;&#8221;</p>
<p><strong>Candice Lavocat Galvão Jobim</strong></p>

<p>Janaína Machado Sturza<br />Rosane Teresinha Carvalho Porto<br />Tânia Regina Silva Reckziegel</p>
<p><strong>Versão impressa &#8211; <a href="https://www.amazon.com.br/Direitos-pol%C3%ADticas-p%C3%BAblicas-Teresinha-Carvalho/dp/6586537630/ref=sr_1_31?__mk_pt_BR=%C3%85M%C3%85%C5%BD%C3%95%C3%91&amp;crid=3Q4Q0JBWZCBXV&amp;keywords=dom+modesto&amp;qid=1651756890&amp;sprefix=dom+modesto%2Caps%2C282&amp;sr=8-31&amp;ufe=app_do%3Aamzn1.fos.fcd6d665-32ba-4479-9f21-b774e276a678">Clique aqui</a><br />Versão digital (e-book) &#8211; Clique no botão Comprar</strong></p>
