{"id":51218,"date":"2022-04-29T19:15:48","date_gmt":"2022-04-29T22:15:48","guid":{"rendered":"https:\/\/www.dommodesto.com.br\/?post_type=product&#038;p=51218"},"modified":"2022-04-29T19:15:48","modified_gmt":"2022-04-29T22:15:48","slug":"o-impeachment-no-brasil-uma-analise-juridico-politica-sobre-os-casos-fernando-collor-e-dilma-rousseff","status":"publish","type":"product","link":"http:\/\/www.dommodesto.com.br\/en\/product\/o-impeachment-no-brasil-uma-analise-juridico-politica-sobre-os-casos-fernando-collor-e-dilma-rousseff\/","title":{"rendered":"O impeachment no Brasil: uma an\u00e1lise jur\u00eddico-pol\u00edtica sobre os casos Fernando Collor e Dilma Rousseff"},"content":{"rendered":"<p><span style=\"font-weight: 400;\">Em 1990 o povo brasileiro confiou a Fernando Collor (PRN) a tarefa de controlar a economia e sanar a instabilidade pol\u00edtica pr\u00f3pria de um per\u00edodo de retomada da democracia. Contudo, em 1992, o Presidente j\u00e1 estava respondendo no Senado Federal por crime de responsabilidade e no Supremo Tribunal Federal por corrup\u00e7\u00e3o e tr\u00e1fico de influ\u00eancia, vindo a renunciar em dezembro daquele ano. Ap\u00f3s duas d\u00e9cadas de aparente estabilidade democr\u00e1tica, o tema do <\/span><i><span style=\"font-weight: 400;\">impeachment <\/span><\/i><span style=\"font-weight: 400;\">foi resgatado em raz\u00e3o do processo movido contra Dilma Rousseff (PT). Na ocasi\u00e3o, os denunciantes, bem como a oposi\u00e7\u00e3o, sustentavam que o procedimento tinha fundamento constitucional e estava embasado em fatos que comprovavam a exist\u00eancia de crime de responsabilidade. J\u00e1 a denunciada, sua defesa e aliados, argumentavam que o procedimento era ilegal e ileg\u00edtimo, que a Presidente n\u00e3o havia cometido nenhum ato il\u00edcito e que o procedimento se mascarava enquanto um golpe de Estado. Ambos os governos foram marcados por crise pol\u00edtica e econ\u00f4mica, esc\u00e2ndalos de corrup\u00e7\u00e3o, insatisfa\u00e7\u00e3o popular e mau relacionamento com o Congresso Nacional.<\/span><\/p>","protected":false},"excerpt":{"rendered":"<p>\u00c9lber Antonielle Donizete Veronez<\/p>\n<p><strong>Vers\u00e3o impressa &#8211; em breve na Amazon e nos principais marketplaces<br \/>\nVers\u00e3o digital (e-book) &#8211; Clique no bot\u00e3o Comprar<\/strong><\/p>","protected":false},"featured_media":51248,"template":"","meta":{"_joinchat":[]},"product_brand":[],"product_cat":[57],"product_tag":[],"class_list":{"0":"post-51218","1":"product","2":"type-product","3":"status-publish","4":"has-post-thumbnail","6":"product_cat-ciencias-sociais-aplicadas","7":"align-center","8":"box-shadow-1","9":"box-shadow-3-hover","10":"ast-product-gallery-layout-horizontal","11":"ast-product-gallery-with-no-image","12":"ast-product-tabs-layout-horizontal","14":"first","15":"instock","16":"downloadable","17":"virtual","18":"purchasable","19":"product-type-simple"},"_links":{"self":[{"href":"http:\/\/www.dommodesto.com.br\/en\/wp-json\/wp\/v2\/product\/51218","targetHints":{"allow":["GET"]}}],"collection":[{"href":"http:\/\/www.dommodesto.com.br\/en\/wp-json\/wp\/v2\/product"}],"about":[{"href":"http:\/\/www.dommodesto.com.br\/en\/wp-json\/wp\/v2\/types\/product"}],"wp:featuredmedia":[{"embeddable":true,"href":"http:\/\/www.dommodesto.com.br\/en\/wp-json\/wp\/v2\/media\/51248"}],"wp:attachment":[{"href":"http:\/\/www.dommodesto.com.br\/en\/wp-json\/wp\/v2\/media?parent=51218"}],"wp:term":[{"taxonomy":"product_brand","embeddable":true,"href":"http:\/\/www.dommodesto.com.br\/en\/wp-json\/wp\/v2\/product_brand?post=51218"},{"taxonomy":"product_cat","embeddable":true,"href":"http:\/\/www.dommodesto.com.br\/en\/wp-json\/wp\/v2\/product_cat?post=51218"},{"taxonomy":"product_tag","embeddable":true,"href":"http:\/\/www.dommodesto.com.br\/en\/wp-json\/wp\/v2\/product_tag?post=51218"}],"curies":[{"name":"wp","href":"https:\/\/api.w.org\/{rel}","templated":true}]}}

O impeachment no Brasil: uma análise jurídico-política sobre os casos Fernando Collor e Dilma Rousseff

<p><span style="font-weight: 400;">Em 1990 o povo brasileiro confiou a Fernando Collor (PRN) a tarefa de controlar a economia e sanar a instabilidade política própria de um período de retomada da democracia. Contudo, em 1992, o Presidente já estava respondendo no Senado Federal por crime de responsabilidade e no Supremo Tribunal Federal por corrupção e tráfico de influência, vindo a renunciar em dezembro daquele ano. Após duas décadas de aparente estabilidade democrática, o tema do </span><i><span style="font-weight: 400;">impeachment </span></i><span style="font-weight: 400;">foi resgatado em razão do processo movido contra Dilma Rousseff (PT). Na ocasião, os denunciantes, bem como a oposição, sustentavam que o procedimento tinha fundamento constitucional e estava embasado em fatos que comprovavam a existência de crime de responsabilidade. Já a denunciada, sua defesa e aliados, argumentavam que o procedimento era ilegal e ilegítimo, que a Presidente não havia cometido nenhum ato ilícito e que o procedimento se mascarava enquanto um golpe de Estado. Ambos os governos foram marcados por crise política e econômica, escândalos de corrupção, insatisfação popular e mau relacionamento com o Congresso Nacional.</span></p>

<p>Élber Antonielle Donizete Veronez</p>
<p><strong>Versão impressa &#8211; em breve na Amazon e nos principais marketplaces<br />
Versão digital (e-book) &#8211; Clique no botão Comprar</strong></p>
