{"id":47334,"date":"2022-03-30T11:14:15","date_gmt":"2022-03-30T14:14:15","guid":{"rendered":"https:\/\/www.dommodesto.com.br\/?post_type=product&#038;p=47334"},"modified":"2022-03-30T11:14:15","modified_gmt":"2022-03-30T14:14:15","slug":"controle-de-constitucionalidade-a-abstrativizacao-dos-efeitos-do-controle-incidental-de-constitucionalidade-no-brasil","status":"publish","type":"product","link":"http:\/\/www.dommodesto.com.br\/en\/product\/controle-de-constitucionalidade-a-abstrativizacao-dos-efeitos-do-controle-incidental-de-constitucionalidade-no-brasil\/","title":{"rendered":"Controle de constitucionalidade: a abstrativiza\u00e7\u00e3o dos efeitos do controle incidental de constitucionalidade no Brasil"},"content":{"rendered":"<p style=\"text-align: justify;\">\u201cNos \u00faltimos tempos, tem-se verificado uma grande diverg\u00eancia na doutrina e na jurisprud\u00eancia com rela\u00e7\u00e3o \u00e0 interpreta\u00e7\u00e3o do art. 52, X da Constitui\u00e7\u00e3o Federal, especialmente diante do posicionamento de alguns doutrinadores e Ministros que defendem que deve ser estendido ao controle incidental de constitucionalidade os mesmos efeitos do controle abstrato, sob o argumento de que ocorreu uma &#8216;muta\u00e7\u00e3o constitucional&#8217;.<\/p>\n<p style=\"text-align: justify;\">Trata-se de um tema atual e de grande relev\u00e2ncia te\u00f3rica e pr\u00e1tica, considerando que a doutrina assenta que as esp\u00e9cies de controle de constitucionalidade n\u00e3o se confundem e geram efeitos distintos, impactando, inclusive, na concre\u00e7\u00e3o de direitos e garantias fundamentais, especialmente no momento de crise sanit\u00e1ria e fiscal provocada pela pandemia desencadeada pelo v\u00edrus COVID-19.<\/p>\n<p style=\"text-align: justify;\">(&#8230;)<\/p>\n<p style=\"text-align: justify;\">A obra analisa, de forma cr\u00edtica, a teoria da muta\u00e7\u00e3o constitucional e destaca a risco da sua ado\u00e7\u00e3o com fundamento na &#8216;realidade da vida&#8217;, o que pode implicar, eventualmente, no cometimento de abusos, destacando que os tribunais, incluindo o Supremo Tribunal Federal, est\u00e3o submetidos \u00e0 Constitui\u00e7\u00e3o, carecendo o exerc\u00edcio do controle de constitucionalidade de par\u00e2metros claros e objetivos.\u201d<\/p>\n<p style=\"text-align: justify;\"><em>Prof. Dr. Olavo Augusto Vianna Alves Ferreira<\/em><\/p>","protected":false},"excerpt":{"rendered":"<p>Carlos Eduardo Montes Netto<\/p>\n<p><strong>Vers\u00e3o impressa &#8211; em breve na Amazon e nos principais marketplaces<br \/>Vers\u00e3o digital (e-book) &#8211; Clique no bot\u00e3o Comprar<\/strong><\/p>","protected":false},"featured_media":47348,"template":"","meta":{"_joinchat":[]},"product_brand":[],"product_cat":[57],"product_tag":[],"class_list":{"0":"post-47334","1":"product","2":"type-product","3":"status-publish","4":"has-post-thumbnail","6":"product_cat-ciencias-sociais-aplicadas","7":"align-center","8":"box-shadow-1","9":"box-shadow-3-hover","10":"ast-product-gallery-layout-horizontal","11":"ast-product-gallery-with-no-image","12":"ast-product-tabs-layout-horizontal","14":"first","15":"instock","16":"downloadable","17":"virtual","18":"purchasable","19":"product-type-simple"},"_links":{"self":[{"href":"http:\/\/www.dommodesto.com.br\/en\/wp-json\/wp\/v2\/product\/47334","targetHints":{"allow":["GET"]}}],"collection":[{"href":"http:\/\/www.dommodesto.com.br\/en\/wp-json\/wp\/v2\/product"}],"about":[{"href":"http:\/\/www.dommodesto.com.br\/en\/wp-json\/wp\/v2\/types\/product"}],"wp:featuredmedia":[{"embeddable":true,"href":"http:\/\/www.dommodesto.com.br\/en\/wp-json\/wp\/v2\/media\/47348"}],"wp:attachment":[{"href":"http:\/\/www.dommodesto.com.br\/en\/wp-json\/wp\/v2\/media?parent=47334"}],"wp:term":[{"taxonomy":"product_brand","embeddable":true,"href":"http:\/\/www.dommodesto.com.br\/en\/wp-json\/wp\/v2\/product_brand?post=47334"},{"taxonomy":"product_cat","embeddable":true,"href":"http:\/\/www.dommodesto.com.br\/en\/wp-json\/wp\/v2\/product_cat?post=47334"},{"taxonomy":"product_tag","embeddable":true,"href":"http:\/\/www.dommodesto.com.br\/en\/wp-json\/wp\/v2\/product_tag?post=47334"}],"curies":[{"name":"wp","href":"https:\/\/api.w.org\/{rel}","templated":true}]}}

Controle de constitucionalidade: a abstrativização dos efeitos do controle incidental de constitucionalidade no Brasil

<p style="text-align: justify;">“Nos últimos tempos, tem-se verificado uma grande divergência na doutrina e na jurisprudência com relação à interpretação do art. 52, X da Constituição Federal, especialmente diante do posicionamento de alguns doutrinadores e Ministros que defendem que deve ser estendido ao controle incidental de constitucionalidade os mesmos efeitos do controle abstrato, sob o argumento de que ocorreu uma &#8216;mutação constitucional&#8217;.</p>
<p style="text-align: justify;">Trata-se de um tema atual e de grande relevância teórica e prática, considerando que a doutrina assenta que as espécies de controle de constitucionalidade não se confundem e geram efeitos distintos, impactando, inclusive, na concreção de direitos e garantias fundamentais, especialmente no momento de crise sanitária e fiscal provocada pela pandemia desencadeada pelo vírus COVID-19.</p>
<p style="text-align: justify;">(&#8230;)</p>
<p style="text-align: justify;">A obra analisa, de forma crítica, a teoria da mutação constitucional e destaca a risco da sua adoção com fundamento na &#8216;realidade da vida&#8217;, o que pode implicar, eventualmente, no cometimento de abusos, destacando que os tribunais, incluindo o Supremo Tribunal Federal, estão submetidos à Constituição, carecendo o exercício do controle de constitucionalidade de parâmetros claros e objetivos.”</p>
<p style="text-align: justify;"><em>Prof. Dr. Olavo Augusto Vianna Alves Ferreira</em></p>

<p>Carlos Eduardo Montes Netto</p>
<p><strong>Versão impressa &#8211; em breve na Amazon e nos principais marketplaces<br />Versão digital (e-book) &#8211; Clique no botão Comprar</strong></p>
