{"id":40553,"date":"2022-01-15T15:36:39","date_gmt":"2022-01-15T18:36:39","guid":{"rendered":"https:\/\/www.dommodesto.com.br\/?post_type=product&#038;p=40553"},"modified":"2023-05-22T13:44:10","modified_gmt":"2023-05-22T16:44:10","slug":"direitos-humanos-e-crises-globais","status":"publish","type":"product","link":"http:\/\/www.dommodesto.com.br\/en\/product\/direitos-humanos-e-crises-globais\/","title":{"rendered":"Direitos Humanos e crises globais"},"content":{"rendered":"<p>\u201cA obra Direitos humanos e crises globais se apresenta como uma equilibrada articula\u00e7\u00e3o entre an\u00e1lises e estudos de cunho filos\u00f3fico acerca das origens e fundamentos dos direitos humanos, combinados com pesquisas que examinam as dificuldades de efetividade e prote\u00e7\u00e3o dos direitos humanos nos mais variados contextos, como, por exemplo, em face da crise sanit\u00e1ria pand\u00eamica de COVID-19, dos desafios de prote\u00e7\u00e3o das minorias \u00e9tnico-racionais e grupos vulner\u00e1veis, das necessidades que as novas tecnologias trazem de melhor regulamenta\u00e7\u00e3o da intelig\u00eancia artificial, entre outros temas.\u201d<\/p>\n<p>Prof. Dr. Anderson Vichinkeski Teixeira<\/p>","protected":false},"excerpt":{"rendered":"<p align=\"justify\"><span style=\"font-family: Times New Roman, serif;\"><span style=\"font-size: medium;\">Gerson Neves Pinto<\/span><\/span><\/p>","protected":false},"featured_media":66871,"template":"","meta":{"_joinchat":[]},"product_brand":[],"product_cat":[15],"product_tag":[135],"class_list":{"0":"post-40553","1":"product","2":"type-product","3":"status-publish","4":"has-post-thumbnail","6":"product_cat-sem-categoria","7":"product_tag-direitos-humanos-e-crises-globais","8":"align-center","9":"box-shadow-1","10":"box-shadow-3-hover","11":"ast-product-gallery-layout-horizontal","12":"ast-product-gallery-with-no-image","13":"ast-product-tabs-layout-horizontal","15":"first","16":"instock","17":"shipping-taxable","18":"product-type-simple"},"_links":{"self":[{"href":"http:\/\/www.dommodesto.com.br\/en\/wp-json\/wp\/v2\/product\/40553","targetHints":{"allow":["GET"]}}],"collection":[{"href":"http:\/\/www.dommodesto.com.br\/en\/wp-json\/wp\/v2\/product"}],"about":[{"href":"http:\/\/www.dommodesto.com.br\/en\/wp-json\/wp\/v2\/types\/product"}],"wp:featuredmedia":[{"embeddable":true,"href":"http:\/\/www.dommodesto.com.br\/en\/wp-json\/wp\/v2\/media\/66871"}],"wp:attachment":[{"href":"http:\/\/www.dommodesto.com.br\/en\/wp-json\/wp\/v2\/media?parent=40553"}],"wp:term":[{"taxonomy":"product_brand","embeddable":true,"href":"http:\/\/www.dommodesto.com.br\/en\/wp-json\/wp\/v2\/product_brand?post=40553"},{"taxonomy":"product_cat","embeddable":true,"href":"http:\/\/www.dommodesto.com.br\/en\/wp-json\/wp\/v2\/product_cat?post=40553"},{"taxonomy":"product_tag","embeddable":true,"href":"http:\/\/www.dommodesto.com.br\/en\/wp-json\/wp\/v2\/product_tag?post=40553"}],"curies":[{"name":"wp","href":"https:\/\/api.w.org\/{rel}","templated":true}]}}

<p>“A obra Direitos humanos e crises globais se apresenta como uma equilibrada articulação entre análises e estudos de cunho filosófico acerca das origens e fundamentos dos direitos humanos, combinados com pesquisas que examinam as dificuldades de efetividade e proteção dos direitos humanos nos mais variados contextos, como, por exemplo, em face da crise sanitária pandêmica de COVID-19, dos desafios de proteção das minorias étnico-racionais e grupos vulneráveis, das necessidades que as novas tecnologias trazem de melhor regulamentação da inteligência artificial, entre outros temas.”</p>
<p>Prof. Dr. Anderson Vichinkeski Teixeira</p>
