{"id":37789,"date":"2021-12-24T11:54:43","date_gmt":"2021-12-24T14:54:43","guid":{"rendered":"https:\/\/www.dommodesto.com.br\/?post_type=product&#038;p=37789"},"modified":"2021-12-24T11:54:43","modified_gmt":"2021-12-24T14:54:43","slug":"o-aborto-e-a-redefinicao-da-pessoalidade-humana-pelo-direito","status":"publish","type":"product","link":"http:\/\/www.dommodesto.com.br\/en\/product\/o-aborto-e-a-redefinicao-da-pessoalidade-humana-pelo-direito\/","title":{"rendered":"O aborto e a redefini\u00e7\u00e3o da pessoalidade humana pelo Direito"},"content":{"rendered":"<p>O tema central em debate neste livro parte da explora\u00e7\u00e3o acerca de um aspecto pr\u00f3prio \u00e0 problem\u00e1tica do aborto pouco abordado no debate p\u00fablico: o conceito de pessoalidade.<\/p>\n<p>As discuss\u00f5es pol\u00edticas e jur\u00eddicas acerca da licitude da interrup\u00e7\u00e3o volunt\u00e1ria da gravidez s\u00e3o frequentemente interpretadas como um embate entre duas partes em torno de uma pondera\u00e7\u00e3o de valores: de um lado estariam aqueles que sustentariam a inviolabilidade do direito \u00e0 vida do nascituro, enquanto do outro se colocariam os defensores da primazia da autonomia da mulher sobre o pr\u00f3prio corpo. O enquadramento do problema nestes termos, possibilitaria uma aprecia\u00e7\u00e3o judicial do conflito de forma a solucion\u00e1-lo a partir da t\u00e9cnica jur\u00eddica da pondera\u00e7\u00e3o.<\/p>\n<p>Partindo da hip\u00f3tese de que existiria um influxo filos\u00f3fico impl\u00edcito no debate judicial sobre o aborto acerca das concep\u00e7\u00f5es de pessoalidade, o estudo aqui proposto envisiona uma outra possibilidade de compreens\u00e3o e, partindo desta premissa, passa a explorar a possibilidade de que tais pressupostos constituiriam lentes interpretativas para o problema que influenciariam a decis\u00e3o final. Assim, o desvelar da conceitua\u00e7\u00e3o fundamental impl\u00edcita, possibilitaria um debate mais aberto acerca da natureza do problema, o conflito a ele relacionado e o processo decis\u00f3rio realizado.<\/p>","protected":false},"excerpt":{"rendered":"<p>Matheus Carvalho Dias<\/p>\n<p><strong>Vers\u00e3o impressa &#8211; em breve nos principais marketplaces da Internet<br \/>Vers\u00e3o digital (e-book) &#8211; Clique no bot\u00e3o Comprar<\/strong><\/p>","protected":false},"featured_media":37801,"template":"","meta":{"_joinchat":[]},"product_brand":[],"product_cat":[57],"product_tag":[],"class_list":{"0":"post-37789","1":"product","2":"type-product","3":"status-publish","4":"has-post-thumbnail","6":"product_cat-ciencias-sociais-aplicadas","7":"align-center","8":"box-shadow-1","9":"box-shadow-3-hover","10":"ast-product-gallery-layout-horizontal","11":"ast-product-gallery-with-no-image","12":"ast-product-tabs-layout-horizontal","14":"first","15":"instock","16":"downloadable","17":"virtual","18":"purchasable","19":"product-type-simple"},"_links":{"self":[{"href":"http:\/\/www.dommodesto.com.br\/en\/wp-json\/wp\/v2\/product\/37789","targetHints":{"allow":["GET"]}}],"collection":[{"href":"http:\/\/www.dommodesto.com.br\/en\/wp-json\/wp\/v2\/product"}],"about":[{"href":"http:\/\/www.dommodesto.com.br\/en\/wp-json\/wp\/v2\/types\/product"}],"wp:featuredmedia":[{"embeddable":true,"href":"http:\/\/www.dommodesto.com.br\/en\/wp-json\/wp\/v2\/media\/37801"}],"wp:attachment":[{"href":"http:\/\/www.dommodesto.com.br\/en\/wp-json\/wp\/v2\/media?parent=37789"}],"wp:term":[{"taxonomy":"product_brand","embeddable":true,"href":"http:\/\/www.dommodesto.com.br\/en\/wp-json\/wp\/v2\/product_brand?post=37789"},{"taxonomy":"product_cat","embeddable":true,"href":"http:\/\/www.dommodesto.com.br\/en\/wp-json\/wp\/v2\/product_cat?post=37789"},{"taxonomy":"product_tag","embeddable":true,"href":"http:\/\/www.dommodesto.com.br\/en\/wp-json\/wp\/v2\/product_tag?post=37789"}],"curies":[{"name":"wp","href":"https:\/\/api.w.org\/{rel}","templated":true}]}}

O aborto e a redefinição da pessoalidade humana pelo Direito

<p>O tema central em debate neste livro parte da exploração acerca de um aspecto próprio à problemática do aborto pouco abordado no debate público: o conceito de pessoalidade.</p>
<p>As discussões políticas e jurídicas acerca da licitude da interrupção voluntária da gravidez são frequentemente interpretadas como um embate entre duas partes em torno de uma ponderação de valores: de um lado estariam aqueles que sustentariam a inviolabilidade do direito à vida do nascituro, enquanto do outro se colocariam os defensores da primazia da autonomia da mulher sobre o próprio corpo. O enquadramento do problema nestes termos, possibilitaria uma apreciação judicial do conflito de forma a solucioná-lo a partir da técnica jurídica da ponderação.</p>
<p>Partindo da hipótese de que existiria um influxo filosófico implícito no debate judicial sobre o aborto acerca das concepções de pessoalidade, o estudo aqui proposto envisiona uma outra possibilidade de compreensão e, partindo desta premissa, passa a explorar a possibilidade de que tais pressupostos constituiriam lentes interpretativas para o problema que influenciariam a decisão final. Assim, o desvelar da conceituação fundamental implícita, possibilitaria um debate mais aberto acerca da natureza do problema, o conflito a ele relacionado e o processo decisório realizado.</p>

<p>Matheus Carvalho Dias</p>
<p><strong>Versão impressa &#8211; em breve nos principais marketplaces da Internet<br />Versão digital (e-book) &#8211; Clique no botão Comprar</strong></p>
