{"id":35613,"date":"2021-11-27T18:45:45","date_gmt":"2021-11-27T21:45:45","guid":{"rendered":"https:\/\/www.dommodesto.com.br\/?post_type=product&#038;p=35613"},"modified":"2021-11-27T18:45:45","modified_gmt":"2021-11-27T21:45:45","slug":"a-ressignificacao-do-direito-a-cidade-a-partir-dos-direitos-humanos-as-smart-cities-como-um-espaco-para-garantir-a-qualidade-de-vida-das-pessoas-com-deficiencia","status":"publish","type":"product","link":"http:\/\/www.dommodesto.com.br\/en\/product\/a-ressignificacao-do-direito-a-cidade-a-partir-dos-direitos-humanos-as-smart-cities-como-um-espaco-para-garantir-a-qualidade-de-vida-das-pessoas-com-deficiencia\/","title":{"rendered":"A ressignifica\u00e7\u00e3o do direito \u00e0 cidade a partir dos Direitos Humanos: as smart cities como um espa\u00e7o para garantir a qualidade de vida das pessoas com defici\u00eancia"},"content":{"rendered":"<p>Os desafios que se colocam na busca de qualidade de vida e inclus\u00e3o das pessoas com defici\u00eancia perpassam necessariamente pela ressignifica\u00e7\u00e3o do direito \u00e0 cidade e da (re)organiza\u00e7\u00e3o dos espa\u00e7os urbanos a partir da inova\u00e7\u00e3o tecnol\u00f3gica e o desenvolvimento cient\u00edfico. Assim, o reconhecimento de novas situa\u00e7\u00f5es f\u00e1ticas e novos riscos, exigir\u00e3o do Direito especial aten\u00e7\u00e3o em rela\u00e7\u00e3o aos direitos humanos das pessoas com defici\u00eancia. Nessa seara, o modelo de cidades do futuro a partir das cidades inteligentes ou <em>Smart Cities<\/em> pode contribuir para o surgimento de possibilidades de novos fatos jur\u00eddicos que tenham impacto direto na vida desse grupo social e na prote\u00e7\u00e3o de sua dignidade, com o reconhecimento de um (novo) direito \u00e0 cidade.<\/p>","protected":false},"excerpt":{"rendered":"<p>Camilo Stangherlim Ferraresi<\/p>\n<p><strong>Vers\u00e3o impressa &#8211; em breve na Amazon e nos principais marketplaces<br \/>Vers\u00e3o digital (e-book) &#8211; Clique no bot\u00e3o Comprar<\/strong><\/p>","protected":false},"featured_media":35632,"template":"","meta":{"_joinchat":[]},"product_brand":[],"product_cat":[57],"product_tag":[],"class_list":{"0":"post-35613","1":"product","2":"type-product","3":"status-publish","4":"has-post-thumbnail","6":"product_cat-ciencias-sociais-aplicadas","7":"align-center","8":"box-shadow-1","9":"box-shadow-3-hover","10":"ast-product-gallery-layout-horizontal","11":"ast-product-gallery-with-no-image","12":"ast-product-tabs-layout-horizontal","14":"first","15":"instock","16":"downloadable","17":"virtual","18":"purchasable","19":"product-type-simple"},"_links":{"self":[{"href":"http:\/\/www.dommodesto.com.br\/en\/wp-json\/wp\/v2\/product\/35613","targetHints":{"allow":["GET"]}}],"collection":[{"href":"http:\/\/www.dommodesto.com.br\/en\/wp-json\/wp\/v2\/product"}],"about":[{"href":"http:\/\/www.dommodesto.com.br\/en\/wp-json\/wp\/v2\/types\/product"}],"wp:featuredmedia":[{"embeddable":true,"href":"http:\/\/www.dommodesto.com.br\/en\/wp-json\/wp\/v2\/media\/35632"}],"wp:attachment":[{"href":"http:\/\/www.dommodesto.com.br\/en\/wp-json\/wp\/v2\/media?parent=35613"}],"wp:term":[{"taxonomy":"product_brand","embeddable":true,"href":"http:\/\/www.dommodesto.com.br\/en\/wp-json\/wp\/v2\/product_brand?post=35613"},{"taxonomy":"product_cat","embeddable":true,"href":"http:\/\/www.dommodesto.com.br\/en\/wp-json\/wp\/v2\/product_cat?post=35613"},{"taxonomy":"product_tag","embeddable":true,"href":"http:\/\/www.dommodesto.com.br\/en\/wp-json\/wp\/v2\/product_tag?post=35613"}],"curies":[{"name":"wp","href":"https:\/\/api.w.org\/{rel}","templated":true}]}}

A ressignificação do direito à cidade a partir dos Direitos Humanos: as smart cities como um espaço para garantir a qualidade de vida das pessoas com deficiência

<p>Os desafios que se colocam na busca de qualidade de vida e inclusão das pessoas com deficiência perpassam necessariamente pela ressignificação do direito à cidade e da (re)organização dos espaços urbanos a partir da inovação tecnológica e o desenvolvimento científico. Assim, o reconhecimento de novas situações fáticas e novos riscos, exigirão do Direito especial atenção em relação aos direitos humanos das pessoas com deficiência. Nessa seara, o modelo de cidades do futuro a partir das cidades inteligentes ou <em>Smart Cities</em> pode contribuir para o surgimento de possibilidades de novos fatos jurídicos que tenham impacto direto na vida desse grupo social e na proteção de sua dignidade, com o reconhecimento de um (novo) direito à cidade.</p>

<p>Camilo Stangherlim Ferraresi</p>
<p><strong>Versão impressa &#8211; em breve na Amazon e nos principais marketplaces<br />Versão digital (e-book) &#8211; Clique no botão Comprar</strong></p>
