{"id":30910,"date":"2021-10-01T12:00:51","date_gmt":"2021-10-01T15:00:51","guid":{"rendered":"https:\/\/www.dommodesto.com.br\/?post_type=product&#038;p=30910"},"modified":"2023-11-16T08:55:48","modified_gmt":"2023-11-16T11:55:48","slug":"constituicao-sistemas-sociais-e-hermeneutica-n17","status":"publish","type":"product","link":"http:\/\/www.dommodesto.com.br\/en\/product\/constituicao-sistemas-sociais-e-hermeneutica-n17\/","title":{"rendered":"Constitui\u00e7\u00e3o, Sistemas Sociais e Hermen\u00eautica \u2013 Anu\u00e1rio do Programa de P\u00f3s-Gradua\u00e7\u00e3o em Direito da UNISINOS \u2013 ano 2021 \u2013 n. 17"},"content":{"rendered":"<p>O Anu\u00e1rio do Programa de Po\u0301s-Graduac\u0327a\u0303o em Direito da Unisinos, <em><strong>Constituic\u0327a\u0303o, Sistemas Sociais e Hermen\u00eautica<\/strong><\/em>, chega a sua d\u00e9cima s\u00e9tima edi\u00e7\u00e3o, reafirmando o prop\u00f3sito de apresentar a\u0300 comunidade acad\u00eamica brasileira a produ\u00e7\u00e3o cient\u00edfica de suas linhas de pesquisa e de fomentar reflex\u00f5es e pr\u00e1ticas jur\u00eddicas inovadoras e afinadas com as transforma\u00e7\u00f5es e problemas sociais para os quais o Direito precisa encontrar respostas justas e adequadas, marcando sua tradi\u00e7\u00e3o de excel\u00eancia na pesquisa.<\/p>\n<p>O trabalho que aqui se apresenta se insere em uma trajet\u00f3ria marcada pelo esfor\u00e7o de um grupo de professores que, no ano de 1997, criou um Programa de Po\u0301s-Graduac\u0327a\u0303o com a pretens\u00e3o de se tornar um polo irradiador de pr\u00e1ticas e pensadores inovadores na \u00e1rea do Direito, abrigados em uma Universidade de forte orienta\u00e7\u00e3o humanista.<\/p>\n<p>Passados 24 anos, esse Programa consolidou-se com a contribui\u00e7\u00e3o de in\u00fameros outros pesquisadores que se somaram a essa iniciativa e que, juntos, ve\u0302m produzindo trabalhos de alt\u00edssima qualidade te\u00f3rica e de repercuss\u00e3o nacional e internacional, refletido na consolida\u00e7\u00e3o de sua nota 6 nas duas \u00faltimas avalia\u00e7\u00f5es da CAPES.<\/p>","protected":false},"excerpt":{"rendered":"<p>Anderson Vichinkeski Teixeira<br \/>Lenio Luiz Streck<br \/>Leonel Severo Rocha<\/p>","protected":false},"featured_media":31109,"template":"","meta":{"_joinchat":[]},"product_brand":[],"product_cat":[57,120],"product_tag":[243],"class_list":{"0":"post-30910","1":"product","2":"type-product","3":"status-publish","4":"has-post-thumbnail","6":"product_cat-ciencias-sociais-aplicadas","7":"product_cat-download-promo","8":"product_tag-anuario-2021","9":"align-center","10":"box-shadow-1","11":"box-shadow-3-hover","12":"ast-product-gallery-layout-horizontal","13":"ast-product-gallery-with-no-image","14":"ast-product-tabs-layout-horizontal","16":"first","17":"instock","18":"downloadable","19":"virtual","20":"product-type-simple"},"_links":{"self":[{"href":"http:\/\/www.dommodesto.com.br\/en\/wp-json\/wp\/v2\/product\/30910","targetHints":{"allow":["GET"]}}],"collection":[{"href":"http:\/\/www.dommodesto.com.br\/en\/wp-json\/wp\/v2\/product"}],"about":[{"href":"http:\/\/www.dommodesto.com.br\/en\/wp-json\/wp\/v2\/types\/product"}],"wp:featuredmedia":[{"embeddable":true,"href":"http:\/\/www.dommodesto.com.br\/en\/wp-json\/wp\/v2\/media\/31109"}],"wp:attachment":[{"href":"http:\/\/www.dommodesto.com.br\/en\/wp-json\/wp\/v2\/media?parent=30910"}],"wp:term":[{"taxonomy":"product_brand","embeddable":true,"href":"http:\/\/www.dommodesto.com.br\/en\/wp-json\/wp\/v2\/product_brand?post=30910"},{"taxonomy":"product_cat","embeddable":true,"href":"http:\/\/www.dommodesto.com.br\/en\/wp-json\/wp\/v2\/product_cat?post=30910"},{"taxonomy":"product_tag","embeddable":true,"href":"http:\/\/www.dommodesto.com.br\/en\/wp-json\/wp\/v2\/product_tag?post=30910"}],"curies":[{"name":"wp","href":"https:\/\/api.w.org\/{rel}","templated":true}]}}

Constituição, Sistemas Sociais e Hermenêutica – Anuário do Programa de Pós-Graduação em Direito da UNISINOS – ano 2021 – n. 17

<p>O Anuário do Programa de Pós-Graduação em Direito da Unisinos, <em><strong>Constituição, Sistemas Sociais e Hermenêutica</strong></em>, chega a sua décima sétima edição, reafirmando o propósito de apresentar à comunidade acadêmica brasileira a produção científica de suas linhas de pesquisa e de fomentar reflexões e práticas jurídicas inovadoras e afinadas com as transformações e problemas sociais para os quais o Direito precisa encontrar respostas justas e adequadas, marcando sua tradição de excelência na pesquisa.</p>
<p>O trabalho que aqui se apresenta se insere em uma trajetória marcada pelo esforço de um grupo de professores que, no ano de 1997, criou um Programa de Pós-Graduação com a pretensão de se tornar um polo irradiador de práticas e pensadores inovadores na área do Direito, abrigados em uma Universidade de forte orientação humanista.</p>
<p>Passados 24 anos, esse Programa consolidou-se com a contribuição de inúmeros outros pesquisadores que se somaram a essa iniciativa e que, juntos, vêm produzindo trabalhos de altíssima qualidade teórica e de repercussão nacional e internacional, refletido na consolidação de sua nota 6 nas duas últimas avaliações da CAPES.</p>
