{"id":27885,"date":"2021-08-22T23:25:40","date_gmt":"2021-08-23T02:25:40","guid":{"rendered":"https:\/\/www.dommodesto.com.br\/?post_type=product&#038;p=27885"},"modified":"2021-12-28T17:03:43","modified_gmt":"2021-12-28T20:03:43","slug":"direito-cidadania-politicas-publicas-vol-xiii","status":"publish","type":"product","link":"http:\/\/www.dommodesto.com.br\/en\/product\/direito-cidadania-politicas-publicas-vol-xiii\/","title":{"rendered":"Direito, Cidadania &#038; Pol\u00edticas P\u00fablicas \u2013 vol XIII"},"content":{"rendered":"<p>\u201c(&#8230;) a esperan\u00e7a para o mundo jur\u00eddico, acad\u00eamico e cient\u00edfico \u00e9 renovada com a obra \u2018Direito, Cidadania e Pol\u00edticas P\u00fablicas XIII\u2019, sob a coordena\u00e7\u00e3o dos professores Marli Marlene Moraes da Costa e Rodrigo Cristiano Diehl, se revelando como uma ferramenta que tem o Direito de se reencontrar com os seus sentidos, pautando sua conduta na sensibilidade \u00e0 realidade que o cerca e na reflex\u00e3o das necessidades e desejos das pessoas que o produzem.<\/p>\n<p>(&#8230;)<\/p>\n<p>A escolha de abordar as rela\u00e7\u00f5es de g\u00eanero, nas perspectivas das rela\u00e7\u00f5es de trabalho, do tr\u00e1fico internacional de crian\u00e7a e de adolescente, do racismo, da viol\u00eancia dom\u00e9stica e familiar, da produ\u00e7\u00e3o legislativa, da viol\u00eancia escolar, e da aliena\u00e7\u00e3o parental, sob o vi\u00e9s da cidadania e das pol\u00edticas p\u00fablicas, \u00e9 satisfazer as nossas necessidades comuns como seres humanos e alimentar o comprometimento humano com o outro.<\/p>\n<p>(&#8230;)<\/p>\n<p>Com uma linguagem pautada na alteridade, na diversidade, na inclus\u00e3o e na sensibilidade, esta obra proporciona uma leitura essencial para todos n\u00f3s, seres humanos, iluminando caminhos poss\u00edveis em momentos escuros que nos vemos a enfrentar.\u201d<\/p>\n<p><em>Profa. Dra. Charlise Paula Colet Gimenez<\/em><\/p>","protected":false},"excerpt":{"rendered":"<p>Marli Marlene Moraes da Costa<br \/>Rodrigo Cristiano Diehl<\/p>\n<p><strong>Vers\u00e3o impressa &#8211; <a href=\"https:\/\/www.amazon.com.br\/Direito-Cidadania-Pol%C3%ADticas-P%C3%BAblicas-Xiii\/dp\/6586537347\/ref=sr_1_17?__mk_pt_BR=%C3%85M%C3%85%C5%BD%C3%95%C3%91&amp;dchild=1&amp;keywords=%22dom+modesto%22&amp;qid=1629685326&amp;sr=8-17\">Clique aqui<\/a><br \/>Vers\u00e3o digital (e-book) &#8211; Clique no bot\u00e3o Comprar<\/strong><\/p>","protected":false},"featured_media":38666,"template":"","meta":{"_joinchat":[]},"product_brand":[],"product_cat":[57],"product_tag":[],"class_list":{"0":"post-27885","1":"product","2":"type-product","3":"status-publish","4":"has-post-thumbnail","6":"product_cat-ciencias-sociais-aplicadas","7":"align-center","8":"box-shadow-1","9":"box-shadow-3-hover","10":"ast-product-gallery-layout-horizontal","11":"ast-product-gallery-with-no-image","12":"ast-product-tabs-layout-horizontal","14":"first","15":"instock","16":"downloadable","17":"virtual","18":"purchasable","19":"product-type-simple"},"_links":{"self":[{"href":"http:\/\/www.dommodesto.com.br\/en\/wp-json\/wp\/v2\/product\/27885","targetHints":{"allow":["GET"]}}],"collection":[{"href":"http:\/\/www.dommodesto.com.br\/en\/wp-json\/wp\/v2\/product"}],"about":[{"href":"http:\/\/www.dommodesto.com.br\/en\/wp-json\/wp\/v2\/types\/product"}],"wp:featuredmedia":[{"embeddable":true,"href":"http:\/\/www.dommodesto.com.br\/en\/wp-json\/wp\/v2\/media\/38666"}],"wp:attachment":[{"href":"http:\/\/www.dommodesto.com.br\/en\/wp-json\/wp\/v2\/media?parent=27885"}],"wp:term":[{"taxonomy":"product_brand","embeddable":true,"href":"http:\/\/www.dommodesto.com.br\/en\/wp-json\/wp\/v2\/product_brand?post=27885"},{"taxonomy":"product_cat","embeddable":true,"href":"http:\/\/www.dommodesto.com.br\/en\/wp-json\/wp\/v2\/product_cat?post=27885"},{"taxonomy":"product_tag","embeddable":true,"href":"http:\/\/www.dommodesto.com.br\/en\/wp-json\/wp\/v2\/product_tag?post=27885"}],"curies":[{"name":"wp","href":"https:\/\/api.w.org\/{rel}","templated":true}]}}

Direito, Cidadania &#038; Políticas Públicas – vol XIII

<p>“(&#8230;) a esperança para o mundo jurídico, acadêmico e científico é renovada com a obra ‘Direito, Cidadania e Políticas Públicas XIII’, sob a coordenação dos professores Marli Marlene Moraes da Costa e Rodrigo Cristiano Diehl, se revelando como uma ferramenta que tem o Direito de se reencontrar com os seus sentidos, pautando sua conduta na sensibilidade à realidade que o cerca e na reflexão das necessidades e desejos das pessoas que o produzem.</p>
<p>(&#8230;)</p>
<p>A escolha de abordar as relações de gênero, nas perspectivas das relações de trabalho, do tráfico internacional de criança e de adolescente, do racismo, da violência doméstica e familiar, da produção legislativa, da violência escolar, e da alienação parental, sob o viés da cidadania e das políticas públicas, é satisfazer as nossas necessidades comuns como seres humanos e alimentar o comprometimento humano com o outro.</p>
<p>(&#8230;)</p>
<p>Com uma linguagem pautada na alteridade, na diversidade, na inclusão e na sensibilidade, esta obra proporciona uma leitura essencial para todos nós, seres humanos, iluminando caminhos possíveis em momentos escuros que nos vemos a enfrentar.”</p>
<p><em>Profa. Dra. Charlise Paula Colet Gimenez</em></p>

<p>Marli Marlene Moraes da Costa<br />Rodrigo Cristiano Diehl</p>
<p><strong>Versão impressa &#8211; <a href="https://www.amazon.com.br/Direito-Cidadania-Pol%C3%ADticas-P%C3%BAblicas-Xiii/dp/6586537347/ref=sr_1_17?__mk_pt_BR=%C3%85M%C3%85%C5%BD%C3%95%C3%91&amp;dchild=1&amp;keywords=%22dom+modesto%22&amp;qid=1629685326&amp;sr=8-17">Clique aqui</a><br />Versão digital (e-book) &#8211; Clique no botão Comprar</strong></p>
