{"id":2779,"date":"2019-12-07T16:47:25","date_gmt":"2019-12-07T18:47:25","guid":{"rendered":"https:\/\/loja.dommodesto.com.br\/?post_type=product&#038;p=2779"},"modified":"2019-12-24T01:45:38","modified_gmt":"2019-12-24T03:45:38","slug":"politica-publica-no-brasil","status":"publish","type":"product","link":"http:\/\/www.dommodesto.com.br\/en\/product\/politica-publica-no-brasil\/","title":{"rendered":"Pol\u00edticas p\u00fablicas no Brasil: ensaios para uma gest\u00e3o p\u00fablica voltada \u00e0 tutela dos Direitos Humanos"},"content":{"rendered":"<p style=\"text-align: justify !important;\">Talvez a grande quest\u00e3o que envolve a publica\u00e7\u00e3o desta obra seja seu contexto e a pergunta que surge a partir dele: o que (ainda) podemos esperar do Estado? \u00c9 isto: os cap\u00edtulos que comp\u00f5em este livro t\u00eam seu tempo. O tempo da reflex\u00e3o cr\u00edtica, que surge necessariamente acompanhado de um cen\u00e1rio bem delimitado e concreto. O tempo do impacto social, que pensa o Estado brasileiro e suas circunst\u00e2ncias \u2013 a gest\u00e3o da coisa p\u00fablica, vinculada \u00e0 tutela de direitos humanos, por exemplo. Este \u00e9 um livro que reflete, em todos os sentidos que podem ser atribu\u00eddos \u00e0 palavra. E este \u00e9 o seu diferencial.<\/p>","protected":false},"excerpt":{"rendered":"<p>Clovis Gorkzevski<br \/>\nMarcelo Dias Jaques<br \/>\nGiancarlo Montagner Copelli<\/p>","protected":false},"featured_media":2803,"template":"","meta":{"_joinchat":[]},"product_brand":[],"product_cat":[57],"product_tag":[],"class_list":{"0":"post-2779","1":"product","2":"type-product","3":"status-publish","4":"has-post-thumbnail","6":"product_cat-ciencias-sociais-aplicadas","7":"product_shipping_class-geral","8":"align-center","9":"box-shadow-1","10":"box-shadow-3-hover","11":"ast-product-gallery-layout-horizontal","12":"ast-product-gallery-with-no-image","13":"ast-product-tabs-layout-horizontal","15":"first","16":"instock","17":"shipping-taxable","18":"purchasable","19":"product-type-variable"},"_links":{"self":[{"href":"http:\/\/www.dommodesto.com.br\/en\/wp-json\/wp\/v2\/product\/2779","targetHints":{"allow":["GET"]}}],"collection":[{"href":"http:\/\/www.dommodesto.com.br\/en\/wp-json\/wp\/v2\/product"}],"about":[{"href":"http:\/\/www.dommodesto.com.br\/en\/wp-json\/wp\/v2\/types\/product"}],"wp:featuredmedia":[{"embeddable":true,"href":"http:\/\/www.dommodesto.com.br\/en\/wp-json\/wp\/v2\/media\/2803"}],"wp:attachment":[{"href":"http:\/\/www.dommodesto.com.br\/en\/wp-json\/wp\/v2\/media?parent=2779"}],"wp:term":[{"taxonomy":"product_brand","embeddable":true,"href":"http:\/\/www.dommodesto.com.br\/en\/wp-json\/wp\/v2\/product_brand?post=2779"},{"taxonomy":"product_cat","embeddable":true,"href":"http:\/\/www.dommodesto.com.br\/en\/wp-json\/wp\/v2\/product_cat?post=2779"},{"taxonomy":"product_tag","embeddable":true,"href":"http:\/\/www.dommodesto.com.br\/en\/wp-json\/wp\/v2\/product_tag?post=2779"}],"curies":[{"name":"wp","href":"https:\/\/api.w.org\/{rel}","templated":true}]}}

Políticas públicas no Brasil: ensaios para uma gestão pública voltada à tutela dos Direitos Humanos

<p style="text-align: justify !important;">Talvez a grande questão que envolve a publicação desta obra seja seu contexto e a pergunta que surge a partir dele: o que (ainda) podemos esperar do Estado? É isto: os capítulos que compõem este livro têm seu tempo. O tempo da reflexão crítica, que surge necessariamente acompanhado de um cenário bem delimitado e concreto. O tempo do impacto social, que pensa o Estado brasileiro e suas circunstâncias – a gestão da coisa pública, vinculada à tutela de direitos humanos, por exemplo. Este é um livro que reflete, em todos os sentidos que podem ser atribuídos à palavra. E este é o seu diferencial.</p>
