{"id":14239,"date":"2021-01-16T09:02:08","date_gmt":"2021-01-16T12:02:08","guid":{"rendered":"https:\/\/www.dommodesto.com.br\/?post_type=product&#038;p=14239"},"modified":"2021-01-16T11:29:24","modified_gmt":"2021-01-16T14:29:24","slug":"latinoamerica-y-derecho-en-exposicion-edicion-especial-covid-19-vol-xiii","status":"publish","type":"product","link":"http:\/\/www.dommodesto.com.br\/en\/product\/latinoamerica-y-derecho-en-exposicion-edicion-especial-covid-19-vol-xiii\/","title":{"rendered":"Latinoam\u00e9rica y Derecho en exposici\u00f3n: edici\u00f3n especial COVID-19 (vol. XIII)"},"content":{"rendered":"<p>Actualmente, la sociedad mundial y las diferentes disciplinas se han visto evocadas a conversar de manera te\u00f3rica y t\u00e9cnica alrededor de un fen\u00f3meno sin precedentes, mismo que podr\u00eda asimilarse al fen\u00f3meno del Cisne Verde &#8211; problemas financieros asociados a situaciones ambientales &#8211; o al Cisne Negro &#8211; problemas financieros asociados a fen\u00f3menos fuera de lo com\u00fan-. Y no es para menos, cuando en el enero de 2020 se declara una alerta que pondr\u00eda en jaque la sociedad actual, no solo desde la perspectiva econ\u00f3mica, sino tambi\u00e9n social, cultural, tecnol\u00f3gica y legal.<\/p>\n<p>La pandemia, &#8211; hoy queri\u00e9ndose denotar como sindemia &#8211; causada por el SARS-COV-2, ha alertado al mundo entero, a sus dirigentes, a la comunidad en general, a las diferentes formas de vida humanas y no humanas, y por su puesto a las ciencias. Y no \u00fanicamente aquellas dedicadas a la vida o a la salud, sino tambi\u00e9n a las ciencias econ\u00f3micas, de gesti\u00f3n y por su puesto al derecho, es decir la ciencia hoy enfrenta un fen\u00f3meno que ocasion\u00f3 la convergencia de las ciencias sociales y de las ciencias naturales a un\u00edsono, buscando mitigar los impactos catastr\u00f3ficos que ocasion\u00f3 y est\u00e1 ocasionando el COVID-19.<\/p>\n<p>Latinoam\u00e9rica y Derecho en Exposici\u00f3n Volumen XIII es esa apuesta anhelada de la sociedad que reclama a gritos la intervenci\u00f3n de la academia desde el entendimiento y dise\u00f1o de propuestas que contribuyan a mitigar el impacto que esta sindemia ha generado en la sociedad actual.<\/p>","protected":false},"excerpt":{"rendered":"<p>Francieli Iung Izolani<br \/>Jaqueline Sampaio de Oliveira<\/p>\n<p><strong>Vers\u00e3o impressa &#8211; <a href=\"https:\/\/www.amazon.com.br\/Latinoam%C3%A9rica-Derecho-exposici%C3%B3n-especial-Covid-19\/dp\/658653724X\/ref=sr_1_9?__mk_pt_BR=%C3%85M%C3%85%C5%BD%C3%95%C3%91&amp;dchild=1&amp;keywords=%22dom+modesto%22&amp;qid=1610712612&amp;sr=8-9\">Clique aqui<\/a><br \/>Vers\u00e3o digital (e-book) &#8211; Clique no bot\u00e3o Comprar<\/strong><\/p>","protected":false},"featured_media":14240,"template":"","meta":{"_joinchat":[]},"product_brand":[],"product_cat":[15],"product_tag":[],"class_list":{"0":"post-14239","1":"product","2":"type-product","3":"status-publish","4":"has-post-thumbnail","6":"product_cat-sem-categoria","7":"product_shipping_class-geral","8":"align-center","9":"box-shadow-1","10":"box-shadow-3-hover","11":"ast-product-gallery-layout-horizontal","12":"ast-product-gallery-with-no-image","13":"ast-product-tabs-layout-horizontal","15":"first","16":"instock","17":"downloadable","18":"virtual","19":"purchasable","20":"product-type-simple"},"_links":{"self":[{"href":"http:\/\/www.dommodesto.com.br\/en\/wp-json\/wp\/v2\/product\/14239","targetHints":{"allow":["GET"]}}],"collection":[{"href":"http:\/\/www.dommodesto.com.br\/en\/wp-json\/wp\/v2\/product"}],"about":[{"href":"http:\/\/www.dommodesto.com.br\/en\/wp-json\/wp\/v2\/types\/product"}],"wp:featuredmedia":[{"embeddable":true,"href":"http:\/\/www.dommodesto.com.br\/en\/wp-json\/wp\/v2\/media\/14240"}],"wp:attachment":[{"href":"http:\/\/www.dommodesto.com.br\/en\/wp-json\/wp\/v2\/media?parent=14239"}],"wp:term":[{"taxonomy":"product_brand","embeddable":true,"href":"http:\/\/www.dommodesto.com.br\/en\/wp-json\/wp\/v2\/product_brand?post=14239"},{"taxonomy":"product_cat","embeddable":true,"href":"http:\/\/www.dommodesto.com.br\/en\/wp-json\/wp\/v2\/product_cat?post=14239"},{"taxonomy":"product_tag","embeddable":true,"href":"http:\/\/www.dommodesto.com.br\/en\/wp-json\/wp\/v2\/product_tag?post=14239"}],"curies":[{"name":"wp","href":"https:\/\/api.w.org\/{rel}","templated":true}]}}

Latinoamérica y Derecho en exposición: edición especial COVID-19 (vol. XIII)

<p>Actualmente, la sociedad mundial y las diferentes disciplinas se han visto evocadas a conversar de manera teórica y técnica alrededor de un fenómeno sin precedentes, mismo que podría asimilarse al fenómeno del Cisne Verde &#8211; problemas financieros asociados a situaciones ambientales &#8211; o al Cisne Negro &#8211; problemas financieros asociados a fenómenos fuera de lo común-. Y no es para menos, cuando en el enero de 2020 se declara una alerta que pondría en jaque la sociedad actual, no solo desde la perspectiva económica, sino también social, cultural, tecnológica y legal.</p>
<p>La pandemia, &#8211; hoy queriéndose denotar como sindemia &#8211; causada por el SARS-COV-2, ha alertado al mundo entero, a sus dirigentes, a la comunidad en general, a las diferentes formas de vida humanas y no humanas, y por su puesto a las ciencias. Y no únicamente aquellas dedicadas a la vida o a la salud, sino también a las ciencias económicas, de gestión y por su puesto al derecho, es decir la ciencia hoy enfrenta un fenómeno que ocasionó la convergencia de las ciencias sociales y de las ciencias naturales a unísono, buscando mitigar los impactos catastróficos que ocasionó y está ocasionando el COVID-19.</p>
<p>Latinoamérica y Derecho en Exposición Volumen XIII es esa apuesta anhelada de la sociedad que reclama a gritos la intervención de la academia desde el entendimiento y diseño de propuestas que contribuyan a mitigar el impacto que esta sindemia ha generado en la sociedad actual.</p>

<p>Francieli Iung Izolani<br />Jaqueline Sampaio de Oliveira</p>
<p><strong>Versão impressa &#8211; <a href="https://www.amazon.com.br/Latinoam%C3%A9rica-Derecho-exposici%C3%B3n-especial-Covid-19/dp/658653724X/ref=sr_1_9?__mk_pt_BR=%C3%85M%C3%85%C5%BD%C3%95%C3%91&amp;dchild=1&amp;keywords=%22dom+modesto%22&amp;qid=1610712612&amp;sr=8-9">Clique aqui</a><br />Versão digital (e-book) &#8211; Clique no botão Comprar</strong></p>
