{"id":13544,"date":"2020-12-22T16:48:54","date_gmt":"2020-12-22T19:48:54","guid":{"rendered":"https:\/\/www.dommodesto.com.br\/?post_type=product&#038;p=13544"},"modified":"2020-12-22T16:55:49","modified_gmt":"2020-12-22T19:55:49","slug":"presuncao-de-inocencia-dogmatica-e-politica-criminal","status":"publish","type":"product","link":"http:\/\/www.dommodesto.com.br\/en\/product\/presuncao-de-inocencia-dogmatica-e-politica-criminal\/","title":{"rendered":"Presun\u00e7\u00e3o de inoc\u00eancia: dogm\u00e1tica e pol\u00edtica criminal"},"content":{"rendered":"<p>Em que medida a ideia de cuidado-de-perigo, advinda da obra de Faria Costa, poderia servir de instrumento de conten\u00e7\u00e3o da sublima\u00e7\u00e3o da pol\u00edtica criminal e do ativismo judicial em rela\u00e7\u00e3o \u00e0 dogm\u00e1tica penal e processual penal? Como poderiam ser interpretadas, nessa rela\u00e7\u00e3o, quest\u00f5es pol\u00eamicas como a presun\u00e7\u00e3o de inoc\u00eancia e a relativiza\u00e7\u00e3o do texto constitucional pelas Cortes superiores, especialmente no que se refere \u00e0 possibilidade de pris\u00f5es a partir da decis\u00e3o de col\u00e9gios de segunda inst\u00e2ncia?<\/p>\n<p>A problem\u00e1tica desbravada nesta obra surge de uma conjuntura que coloca em segundo plano a lei, a norma, e confere \u00e0 pol\u00edtica criminal import\u00e2ncia superior ao pr\u00f3prio rigor e limite que deveria ter o deslinde penal e processual penal. O processo de asfixia da dogm\u00e1tica penal pela pol\u00edtica criminal parece, de igual maneira, tamb\u00e9m contribuir para o ativismo judicial nas decis\u00f5es dos Tribunais.<\/p>","protected":false},"excerpt":{"rendered":"<p>Isaac Ronaltii Sarah da Costa Saraiva<\/p>\n<p><strong>Vers\u00e3o impressa &#8211; <a href=\"https:\/\/www.amazon.com.br\/\">Clique aqui<\/a><br \/>Vers\u00e3o digital (e-book) &#8211; Clique no bot\u00e3o Comprar<\/strong><\/p>","protected":false},"featured_media":13545,"template":"","meta":{"_joinchat":[]},"product_brand":[],"product_cat":[15],"product_tag":[],"class_list":{"0":"post-13544","1":"product","2":"type-product","3":"status-publish","4":"has-post-thumbnail","6":"product_cat-sem-categoria","7":"product_shipping_class-geral","8":"align-center","9":"box-shadow-1","10":"box-shadow-3-hover","11":"ast-product-gallery-layout-horizontal","12":"ast-product-gallery-with-no-image","13":"ast-product-tabs-layout-horizontal","15":"first","16":"instock","17":"downloadable","18":"virtual","19":"purchasable","20":"product-type-simple"},"_links":{"self":[{"href":"http:\/\/www.dommodesto.com.br\/en\/wp-json\/wp\/v2\/product\/13544","targetHints":{"allow":["GET"]}}],"collection":[{"href":"http:\/\/www.dommodesto.com.br\/en\/wp-json\/wp\/v2\/product"}],"about":[{"href":"http:\/\/www.dommodesto.com.br\/en\/wp-json\/wp\/v2\/types\/product"}],"wp:featuredmedia":[{"embeddable":true,"href":"http:\/\/www.dommodesto.com.br\/en\/wp-json\/wp\/v2\/media\/13545"}],"wp:attachment":[{"href":"http:\/\/www.dommodesto.com.br\/en\/wp-json\/wp\/v2\/media?parent=13544"}],"wp:term":[{"taxonomy":"product_brand","embeddable":true,"href":"http:\/\/www.dommodesto.com.br\/en\/wp-json\/wp\/v2\/product_brand?post=13544"},{"taxonomy":"product_cat","embeddable":true,"href":"http:\/\/www.dommodesto.com.br\/en\/wp-json\/wp\/v2\/product_cat?post=13544"},{"taxonomy":"product_tag","embeddable":true,"href":"http:\/\/www.dommodesto.com.br\/en\/wp-json\/wp\/v2\/product_tag?post=13544"}],"curies":[{"name":"wp","href":"https:\/\/api.w.org\/{rel}","templated":true}]}}

Presunção de inocência: dogmática e política criminal

<p>Em que medida a ideia de cuidado-de-perigo, advinda da obra de Faria Costa, poderia servir de instrumento de contenção da sublimação da política criminal e do ativismo judicial em relação à dogmática penal e processual penal? Como poderiam ser interpretadas, nessa relação, questões polêmicas como a presunção de inocência e a relativização do texto constitucional pelas Cortes superiores, especialmente no que se refere à possibilidade de prisões a partir da decisão de colégios de segunda instância?</p>
<p>A problemática desbravada nesta obra surge de uma conjuntura que coloca em segundo plano a lei, a norma, e confere à política criminal importância superior ao próprio rigor e limite que deveria ter o deslinde penal e processual penal. O processo de asfixia da dogmática penal pela política criminal parece, de igual maneira, também contribuir para o ativismo judicial nas decisões dos Tribunais.</p>

<p>Isaac Ronaltii Sarah da Costa Saraiva</p>
<p><strong>Versão impressa &#8211; <a href="https://www.amazon.com.br/">Clique aqui</a><br />Versão digital (e-book) &#8211; Clique no botão Comprar</strong></p>
